{"id":346,"date":"2014-12-25T19:18:57","date_gmt":"2014-12-25T17:18:57","guid":{"rendered":"https:\/\/www.spaestonia.ee\/medical\/?page_id=346"},"modified":"2025-12-18T11:30:01","modified_gmt":"2025-12-18T09:30:01","slug":"hoolduspaevad","status":"publish","type":"page","link":"https:\/\/spaestonia.ee\/medical\/termid\/hoolduspaevad\/","title":{"rendered":"Hooldusp\u00e4evad"},"content":{"rendered":"<p><strong>Hooldusp\u00e4eval avame spaakeskuse kell 17.00.<\/strong><\/p>\n<h3><strong>Hooldusp\u00e4evad 2026:<\/strong><\/h3>\n<ul>\n<li>6. jaanuar<\/li>\n<li>3. veebruar<\/li>\n<li>3. m\u00e4rts<\/li>\n<li>31. m\u00e4rts<\/li>\n<li>28. aprill<\/li>\n<li>2. juuni<\/li>\n<li>8. juuli<\/li>\n<li>4. august<\/li>\n<li>8. september<\/li>\n<li>6. oktoober<\/li>\n<li>3. november<\/li>\n<li>8. detsember<\/li>\n<\/ul>\n<p><strong>TERMID<\/strong><br \/>\nE-P 7.30-21.30<br \/>\nS\u00e4\u00e4se 7, P\u00e4rnu<br \/>\nTelefon: +372 447 6870<\/p>\n","protected":false},"excerpt":{"rendered":"<p>Hooldusp\u00e4eval avame spaakeskuse kell 17.00. Hooldusp\u00e4evad 2026: 6. jaanuar 3. veebruar 3. m\u00e4rts 31. m\u00e4rts&hellip;<\/p>\n","protected":false},"author":1,"featured_media":0,"parent":50,"menu_order":0,"comment_status":"closed","ping_status":"open","template":"","meta":{"footnotes":""},"class_list":["post-346","page","type-page","status-publish","hentry"],"yoast_head":"<!-- This site is optimized with the Yoast SEO plugin v26.3 - https:\/\/yoast.com\/wordpress\/plugins\/seo\/ -->\n<title>Hooldusp\u00e4evad - ESTONIA Medical Spa &amp; Hotel<\/title>\n<meta name=\"robots\" content=\"index, follow, max-snippet:-1, max-image-preview:large, max-video-preview:-1\" \/>\n<link rel=\"canonical\" href=\"https:\/\/spaestonia.ee\/medical\/termid\/hoolduspaevad\/\" \/>\n<meta property=\"og:locale\" content=\"et_EE\" \/>\n<meta property=\"og:type\" content=\"article\" \/>\n<meta property=\"og:title\" content=\"Hooldusp\u00e4evad - ESTONIA Medical Spa &amp; Hotel\" \/>\n<meta property=\"og:description\" content=\"Hooldusp\u00e4eval avame spaakeskuse kell 17.00. Hooldusp\u00e4evad 2026: 6. jaanuar 3. veebruar 3. m\u00e4rts 31. m\u00e4rts&hellip;\" \/>\n<meta property=\"og:url\" content=\"https:\/\/spaestonia.ee\/medical\/termid\/hoolduspaevad\/\" \/>\n<meta property=\"og:site_name\" content=\"ESTONIA Medical Spa &amp; Hotel\" \/>\n<meta property=\"article:publisher\" content=\"https:\/\/www.facebook.com\/EstoniaMedicalSpa\" \/>\n<meta property=\"article:modified_time\" content=\"2025-12-18T09:30:01+00:00\" \/>\n<meta name=\"twitter:card\" content=\"summary_large_image\" \/>\n<meta name=\"twitter:label1\" content=\"Est. reading time\" \/>\n\t<meta name=\"twitter:data1\" content=\"1 minut\" \/>\n<script type=\"application\/ld+json\" class=\"yoast-schema-graph\">{\"@context\":\"https:\/\/schema.org\",\"@graph\":[{\"@type\":\"WebPage\",\"@id\":\"https:\/\/spaestonia.ee\/medical\/termid\/hoolduspaevad\/\",\"url\":\"https:\/\/spaestonia.ee\/medical\/termid\/hoolduspaevad\/\",\"name\":\"Hooldusp\u00e4evad - ESTONIA Medical Spa &amp; Hotel\",\"isPartOf\":{\"@id\":\"https:\/\/www.spaestonia.ee\/medical\/#website\"},\"datePublished\":\"2014-12-25T17:18:57+00:00\",\"dateModified\":\"2025-12-18T09:30:01+00:00\",\"breadcrumb\":{\"@id\":\"https:\/\/spaestonia.ee\/medical\/termid\/hoolduspaevad\/#breadcrumb\"},\"inLanguage\":\"et\",\"potentialAction\":[{\"@type\":\"ReadAction\",\"target\":[\"https:\/\/spaestonia.ee\/medical\/termid\/hoolduspaevad\/\"]}]},{\"@type\":\"BreadcrumbList\",\"@id\":\"https:\/\/spaestonia.ee\/medical\/termid\/hoolduspaevad\/#breadcrumb\",\"itemListElement\":[{\"@type\":\"ListItem\",\"position\":1,\"name\":\"Home\",\"item\":\"https:\/\/www.spaestonia.ee\/medical\/\"},{\"@type\":\"ListItem\",\"position\":2,\"name\":\"Spaakeskus TERMID\",\"item\":\"https:\/\/www.spaestonia.ee\/medical\/termid\/\"},{\"@type\":\"ListItem\",\"position\":3,\"name\":\"Hooldusp\u00e4evad\"}]},{\"@type\":\"WebSite\",\"@id\":\"https:\/\/www.spaestonia.ee\/medical\/#website\",\"url\":\"https:\/\/www.spaestonia.ee\/medical\/\",\"name\":\"ESTONIA Medical Spa & Hotel\",\"description\":\"Ravispaa - Terveyskylpyl\u00e4 - P\u00e4rnu\",\"publisher\":{\"@id\":\"https:\/\/www.spaestonia.ee\/medical\/#organization\"},\"potentialAction\":[{\"@type\":\"SearchAction\",\"target\":{\"@type\":\"EntryPoint\",\"urlTemplate\":\"https:\/\/www.spaestonia.ee\/medical\/?s={search_term_string}\"},\"query-input\":{\"@type\":\"PropertyValueSpecification\",\"valueRequired\":true,\"valueName\":\"search_term_string\"}}],\"inLanguage\":\"et\"},{\"@type\":\"Organization\",\"@id\":\"https:\/\/www.spaestonia.ee\/medical\/#organization\",\"name\":\"ESTONIA Medical Spa & Hotel\",\"url\":\"https:\/\/www.spaestonia.ee\/medical\/\",\"logo\":{\"@type\":\"ImageObject\",\"inLanguage\":\"et\",\"@id\":\"https:\/\/www.spaestonia.ee\/medical\/#\/schema\/logo\/image\/\",\"url\":\"https:\/\/www.spaestonia.ee\/medical\/wp-content\/uploads\/2025\/02\/medical.jpg\",\"contentUrl\":\"https:\/\/www.spaestonia.ee\/medical\/wp-content\/uploads\/2025\/02\/medical.jpg\",\"width\":700,\"height\":450,\"caption\":\"ESTONIA Medical Spa & Hotel\"},\"image\":{\"@id\":\"https:\/\/www.spaestonia.ee\/medical\/#\/schema\/logo\/image\/\"},\"sameAs\":[\"https:\/\/www.facebook.com\/EstoniaMedicalSpa\"]}]}<\/script>\n<!-- \/ Yoast SEO plugin. -->","yoast_head_json":{"title":"Hooldusp\u00e4evad - ESTONIA Medical Spa &amp; Hotel","robots":{"index":"index","follow":"follow","max-snippet":"max-snippet:-1","max-image-preview":"max-image-preview:large","max-video-preview":"max-video-preview:-1"},"canonical":"https:\/\/spaestonia.ee\/medical\/termid\/hoolduspaevad\/","og_locale":"et_EE","og_type":"article","og_title":"Hooldusp\u00e4evad - ESTONIA Medical Spa &amp; Hotel","og_description":"Hooldusp\u00e4eval avame spaakeskuse kell 17.00. Hooldusp\u00e4evad 2026: 6. jaanuar 3. veebruar 3. m\u00e4rts 31. m\u00e4rts&hellip;","og_url":"https:\/\/spaestonia.ee\/medical\/termid\/hoolduspaevad\/","og_site_name":"ESTONIA Medical Spa &amp; Hotel","article_publisher":"https:\/\/www.facebook.com\/EstoniaMedicalSpa","article_modified_time":"2025-12-18T09:30:01+00:00","twitter_card":"summary_large_image","twitter_misc":{"Est. reading time":"1 minut"},"schema":{"@context":"https:\/\/schema.org","@graph":[{"@type":"WebPage","@id":"https:\/\/spaestonia.ee\/medical\/termid\/hoolduspaevad\/","url":"https:\/\/spaestonia.ee\/medical\/termid\/hoolduspaevad\/","name":"Hooldusp\u00e4evad - ESTONIA Medical Spa &amp; Hotel","isPartOf":{"@id":"https:\/\/www.spaestonia.ee\/medical\/#website"},"datePublished":"2014-12-25T17:18:57+00:00","dateModified":"2025-12-18T09:30:01+00:00","breadcrumb":{"@id":"https:\/\/spaestonia.ee\/medical\/termid\/hoolduspaevad\/#breadcrumb"},"inLanguage":"et","potentialAction":[{"@type":"ReadAction","target":["https:\/\/spaestonia.ee\/medical\/termid\/hoolduspaevad\/"]}]},{"@type":"BreadcrumbList","@id":"https:\/\/spaestonia.ee\/medical\/termid\/hoolduspaevad\/#breadcrumb","itemListElement":[{"@type":"ListItem","position":1,"name":"Home","item":"https:\/\/www.spaestonia.ee\/medical\/"},{"@type":"ListItem","position":2,"name":"Spaakeskus TERMID","item":"https:\/\/www.spaestonia.ee\/medical\/termid\/"},{"@type":"ListItem","position":3,"name":"Hooldusp\u00e4evad"}]},{"@type":"WebSite","@id":"https:\/\/www.spaestonia.ee\/medical\/#website","url":"https:\/\/www.spaestonia.ee\/medical\/","name":"ESTONIA Medical Spa & Hotel","description":"Ravispaa - Terveyskylpyl\u00e4 - P\u00e4rnu","publisher":{"@id":"https:\/\/www.spaestonia.ee\/medical\/#organization"},"potentialAction":[{"@type":"SearchAction","target":{"@type":"EntryPoint","urlTemplate":"https:\/\/www.spaestonia.ee\/medical\/?s={search_term_string}"},"query-input":{"@type":"PropertyValueSpecification","valueRequired":true,"valueName":"search_term_string"}}],"inLanguage":"et"},{"@type":"Organization","@id":"https:\/\/www.spaestonia.ee\/medical\/#organization","name":"ESTONIA Medical Spa & Hotel","url":"https:\/\/www.spaestonia.ee\/medical\/","logo":{"@type":"ImageObject","inLanguage":"et","@id":"https:\/\/www.spaestonia.ee\/medical\/#\/schema\/logo\/image\/","url":"https:\/\/www.spaestonia.ee\/medical\/wp-content\/uploads\/2025\/02\/medical.jpg","contentUrl":"https:\/\/www.spaestonia.ee\/medical\/wp-content\/uploads\/2025\/02\/medical.jpg","width":700,"height":450,"caption":"ESTONIA Medical Spa & Hotel"},"image":{"@id":"https:\/\/www.spaestonia.ee\/medical\/#\/schema\/logo\/image\/"},"sameAs":["https:\/\/www.facebook.com\/EstoniaMedicalSpa"]}]}},"_links":{"self":[{"href":"https:\/\/spaestonia.ee\/medical\/wp-json\/wp\/v2\/pages\/346","targetHints":{"allow":["GET"]}}],"collection":[{"href":"https:\/\/spaestonia.ee\/medical\/wp-json\/wp\/v2\/pages"}],"about":[{"href":"https:\/\/spaestonia.ee\/medical\/wp-json\/wp\/v2\/types\/page"}],"author":[{"embeddable":true,"href":"https:\/\/spaestonia.ee\/medical\/wp-json\/wp\/v2\/users\/1"}],"replies":[{"embeddable":true,"href":"https:\/\/spaestonia.ee\/medical\/wp-json\/wp\/v2\/comments?post=346"}],"version-history":[{"count":63,"href":"https:\/\/spaestonia.ee\/medical\/wp-json\/wp\/v2\/pages\/346\/revisions"}],"predecessor-version":[{"id":23085,"href":"https:\/\/spaestonia.ee\/medical\/wp-json\/wp\/v2\/pages\/346\/revisions\/23085"}],"up":[{"embeddable":true,"href":"https:\/\/spaestonia.ee\/medical\/wp-json\/wp\/v2\/pages\/50"}],"wp:attachment":[{"href":"https:\/\/spaestonia.ee\/medical\/wp-json\/wp\/v2\/media?parent=346"}],"curies":[{"name":"wp","href":"https:\/\/api.w.org\/{rel}","templated":true}]}}