{"id":624,"date":"2015-01-03T12:23:56","date_gmt":"2015-01-03T10:23:56","guid":{"rendered":"https:\/\/www.spaestonia.ee\/medical\/?page_id=624"},"modified":"2025-01-02T09:03:47","modified_gmt":"2025-01-02T07:03:47","slug":"naohoolitsused","status":"publish","type":"page","link":"https:\/\/spaestonia.ee\/medical\/ilusalong\/naohoolitsused\/","title":{"rendered":"N\u00e4ohoolitsused"},"content":{"rendered":"<p>K\u00f5ik hoolitsused sisaldavad kosmeetiku konsultatsiooni.<\/p>\n<table width=\"842\">\n<tbody>\n<tr>\n<td colspan=\"5\" width=\"788\"><strong>PAKETID:<\/strong><\/td>\n<\/tr>\n<tr>\n<td colspan=\"2\" width=\"637\"><strong>I pakett:<\/strong>\u00a0koorimine, mehaaniline n\u00e4opuhastus, kerge massaa\u017e, mask, kulmude modelleerimine, kulmude ja ripsmete v\u00e4rvimine<\/td>\n<td width=\"87\">55 min<\/td>\n<td colspan=\"2\" width=\"118\">62 \u20ac<\/td>\n<\/tr>\n<tr>\n<td colspan=\"2\" width=\"637\"><strong>II pakett:<\/strong> koorimine, massaa\u017e, mask, kulmude modelleerimine, kulmude ja ripsmete v\u00e4rvimine<\/td>\n<td width=\"87\">55 min<\/td>\n<td colspan=\"2\" width=\"118\">57 \u20ac<\/td>\n<\/tr>\n<tr>\n<td colspan=\"2\" width=\"637\"><strong>III pakett:<\/strong> koorimine, mehaaniline n\u00e4opuhastus, kerge massaa\u017e, mask<\/td>\n<td width=\"87\">50 min<\/td>\n<td colspan=\"2\" width=\"118\">52 \u20ac<\/td>\n<\/tr>\n<tr>\n<td colspan=\"2\" width=\"637\"><\/td>\n<td width=\"87\"><\/td>\n<td colspan=\"2\" width=\"118\"><\/td>\n<\/tr>\n<tr>\n<td colspan=\"2\">Vananemisvastane trimmiv n\u00e4ohoolitsus (koorimine, massaa\u017e, mask)<\/td>\n<td width=\"87\">55 min<\/td>\n<td colspan=\"2\" width=\"118\">65 \u20ac<\/td>\n<\/tr>\n<tr>\n<td colspan=\"2\" width=\"637\">Niisutav n\u00e4ohoolitsus (koorimine, massaa\u017e, mask)<\/td>\n<td width=\"87\">55 min<\/td>\n<td colspan=\"2\" width=\"118\">65 \u20ac<\/td>\n<\/tr>\n<tr>\n<td colspan=\"2\" width=\"637\">Rahustav n\u00e4ohoolitsus tundlikule nahale (koorimine, massaa\u017e, mask)<\/td>\n<td width=\"87\">55 min<\/td>\n<td colspan=\"2\" width=\"118\">65 \u20ac<\/td>\n<\/tr>\n<tr>\n<td colspan=\"2\" width=\"637\">N\u00e4o-ja dekoltee hoolitsus (massaa\u017e, mask)<\/td>\n<td width=\"87\">40 min<\/td>\n<td colspan=\"2\" width=\"118\">45 \u20ac<\/td>\n<\/tr>\n<tr>\n<td colspan=\"2\" width=\"637\">Puhastav n\u00e4ohoolitsus nooretele kuni 18 a k.a (koorimine, n\u00e4o mehhaaniline puhastus,\u00a0 mask)<\/td>\n<td width=\"87\">45 min<\/td>\n<td colspan=\"2\" width=\"118\">42 \u20ac<\/td>\n<\/tr>\n<tr>\n<td colspan=\"2\" width=\"637\">Silma\u00fcmbruse hoolitsus portselanlusikatega<\/td>\n<td width=\"87\">45 min<\/td>\n<td colspan=\"2\" width=\"118\">60 \u20ac<\/td>\n<\/tr>\n<tr>\n<td colspan=\"2\" width=\"637\">Laste n\u00e4ohoolitsus kuni 14 a k.a (massaa\u017e, mask)<\/td>\n<td width=\"87\">25 min<\/td>\n<td colspan=\"2\" width=\"118\">25 \u20ac<\/td>\n<\/tr>\n<\/tbody>\n<\/table>\n<p><em>N\u00e4ohoolitsusi teostame Sothyse br\u00e4ndi toodetega.<\/em><\/p>\n<h2>RIPSMED, KULMUD<\/h2>\n<table width=\"842\">\n<tbody>\n<tr>\n<td colspan=\"2\" width=\"637\">Pakett: kulmude ja ripsmete v\u00e4rvimine, kulmude modelleerimine<\/td>\n<td width=\"87\"><\/td>\n<td colspan=\"2\" width=\"118\">27 \u20ac<\/td>\n<\/tr>\n<tr>\n<td colspan=\"2\" width=\"637\">Kulmude modelleerimine<\/td>\n<td width=\"87\"><\/td>\n<td colspan=\"2\" width=\"118\">10 \u20ac<\/td>\n<\/tr>\n<tr>\n<td colspan=\"2\" width=\"637\">Kulmude v\u00e4rvimine<\/td>\n<td width=\"87\"><\/td>\n<td colspan=\"2\" width=\"118\">12 \u20ac<\/td>\n<\/tr>\n<tr>\n<td colspan=\"2\" width=\"637\">Ripsmete v\u00e4rvimine<\/td>\n<td width=\"87\"><\/td>\n<td colspan=\"2\" width=\"118\">12 \u20ac<\/td>\n<\/tr>\n<\/tbody>\n<\/table>\n<h3><strong style=\"font-size: 16px;\"><br \/>\nIlusalong on avatud:<br \/>\n<\/strong>E\u2013R 09.00\u201317.00<\/h3>\n<p><strong>Lisainfo ja broneerimine<\/strong>:<br \/>\n<strong>e-post<\/strong> <a title=\"ilusalong@spaestonia.ee\" href=\"mailto:ilusalong@spaestonia.ee\">ilusalong@spaestonia.ee<\/a><br \/>\n<strong>tel<\/strong> +372 440 1015<\/p>\n","protected":false},"excerpt":{"rendered":"<p>K\u00f5ik hoolitsused sisaldavad kosmeetiku konsultatsiooni. PAKETID: I pakett:\u00a0koorimine, mehaaniline n\u00e4opuhastus, kerge massaa\u017e, mask, kulmude modelleerimine,&hellip;<\/p>\n","protected":false},"author":1,"featured_media":0,"parent":170,"menu_order":0,"comment_status":"closed","ping_status":"open","template":"","meta":{"footnotes":""},"class_list":["post-624","page","type-page","status-publish","hentry"],"yoast_head":"<!-- This site is optimized with the Yoast SEO plugin v26.3 - https:\/\/yoast.com\/wordpress\/plugins\/seo\/ -->\n<title>N\u00e4ohoolitsused - ESTONIA Medical Spa &amp; Hotel<\/title>\n<meta name=\"robots\" content=\"index, follow, max-snippet:-1, max-image-preview:large, max-video-preview:-1\" \/>\n<link rel=\"canonical\" href=\"https:\/\/spaestonia.ee\/medical\/ilusalong\/naohoolitsused\/\" \/>\n<meta property=\"og:locale\" content=\"et_EE\" \/>\n<meta property=\"og:type\" content=\"article\" \/>\n<meta property=\"og:title\" content=\"N\u00e4ohoolitsused - ESTONIA Medical Spa &amp; Hotel\" \/>\n<meta property=\"og:description\" content=\"K\u00f5ik hoolitsused sisaldavad kosmeetiku konsultatsiooni. PAKETID: I pakett:\u00a0koorimine, mehaaniline n\u00e4opuhastus, kerge massaa\u017e, mask, kulmude modelleerimine,&hellip;\" \/>\n<meta property=\"og:url\" content=\"https:\/\/spaestonia.ee\/medical\/ilusalong\/naohoolitsused\/\" \/>\n<meta property=\"og:site_name\" content=\"ESTONIA Medical Spa &amp; Hotel\" \/>\n<meta property=\"article:publisher\" content=\"https:\/\/www.facebook.com\/EstoniaMedicalSpa\" \/>\n<meta property=\"article:modified_time\" content=\"2025-01-02T07:03:47+00:00\" \/>\n<meta name=\"twitter:card\" content=\"summary_large_image\" \/>\n<meta name=\"twitter:label1\" content=\"Est. reading time\" \/>\n\t<meta name=\"twitter:data1\" content=\"1 minut\" \/>\n<script type=\"application\/ld+json\" class=\"yoast-schema-graph\">{\"@context\":\"https:\/\/schema.org\",\"@graph\":[{\"@type\":\"WebPage\",\"@id\":\"https:\/\/spaestonia.ee\/medical\/ilusalong\/naohoolitsused\/\",\"url\":\"https:\/\/spaestonia.ee\/medical\/ilusalong\/naohoolitsused\/\",\"name\":\"N\u00e4ohoolitsused - ESTONIA Medical Spa &amp; Hotel\",\"isPartOf\":{\"@id\":\"https:\/\/www.spaestonia.ee\/medical\/#website\"},\"datePublished\":\"2015-01-03T10:23:56+00:00\",\"dateModified\":\"2025-01-02T07:03:47+00:00\",\"breadcrumb\":{\"@id\":\"https:\/\/spaestonia.ee\/medical\/ilusalong\/naohoolitsused\/#breadcrumb\"},\"inLanguage\":\"et\",\"potentialAction\":[{\"@type\":\"ReadAction\",\"target\":[\"https:\/\/spaestonia.ee\/medical\/ilusalong\/naohoolitsused\/\"]}]},{\"@type\":\"BreadcrumbList\",\"@id\":\"https:\/\/spaestonia.ee\/medical\/ilusalong\/naohoolitsused\/#breadcrumb\",\"itemListElement\":[{\"@type\":\"ListItem\",\"position\":1,\"name\":\"Home\",\"item\":\"https:\/\/www.spaestonia.ee\/medical\/\"},{\"@type\":\"ListItem\",\"position\":2,\"name\":\"Ilusalong\",\"item\":\"https:\/\/www.spaestonia.ee\/medical\/ilusalong\/\"},{\"@type\":\"ListItem\",\"position\":3,\"name\":\"N\u00e4ohoolitsused\"}]},{\"@type\":\"WebSite\",\"@id\":\"https:\/\/www.spaestonia.ee\/medical\/#website\",\"url\":\"https:\/\/www.spaestonia.ee\/medical\/\",\"name\":\"ESTONIA Medical Spa & Hotel\",\"description\":\"Ravispaa - Terveyskylpyl\u00e4 - P\u00e4rnu\",\"publisher\":{\"@id\":\"https:\/\/www.spaestonia.ee\/medical\/#organization\"},\"potentialAction\":[{\"@type\":\"SearchAction\",\"target\":{\"@type\":\"EntryPoint\",\"urlTemplate\":\"https:\/\/www.spaestonia.ee\/medical\/?s={search_term_string}\"},\"query-input\":{\"@type\":\"PropertyValueSpecification\",\"valueRequired\":true,\"valueName\":\"search_term_string\"}}],\"inLanguage\":\"et\"},{\"@type\":\"Organization\",\"@id\":\"https:\/\/www.spaestonia.ee\/medical\/#organization\",\"name\":\"ESTONIA Medical Spa & Hotel\",\"url\":\"https:\/\/www.spaestonia.ee\/medical\/\",\"logo\":{\"@type\":\"ImageObject\",\"inLanguage\":\"et\",\"@id\":\"https:\/\/www.spaestonia.ee\/medical\/#\/schema\/logo\/image\/\",\"url\":\"https:\/\/www.spaestonia.ee\/medical\/wp-content\/uploads\/2025\/02\/medical.jpg\",\"contentUrl\":\"https:\/\/www.spaestonia.ee\/medical\/wp-content\/uploads\/2025\/02\/medical.jpg\",\"width\":700,\"height\":450,\"caption\":\"ESTONIA Medical Spa & Hotel\"},\"image\":{\"@id\":\"https:\/\/www.spaestonia.ee\/medical\/#\/schema\/logo\/image\/\"},\"sameAs\":[\"https:\/\/www.facebook.com\/EstoniaMedicalSpa\"]}]}<\/script>\n<!-- \/ Yoast SEO plugin. -->","yoast_head_json":{"title":"N\u00e4ohoolitsused - ESTONIA Medical Spa &amp; Hotel","robots":{"index":"index","follow":"follow","max-snippet":"max-snippet:-1","max-image-preview":"max-image-preview:large","max-video-preview":"max-video-preview:-1"},"canonical":"https:\/\/spaestonia.ee\/medical\/ilusalong\/naohoolitsused\/","og_locale":"et_EE","og_type":"article","og_title":"N\u00e4ohoolitsused - ESTONIA Medical Spa &amp; Hotel","og_description":"K\u00f5ik hoolitsused sisaldavad kosmeetiku konsultatsiooni. PAKETID: I pakett:\u00a0koorimine, mehaaniline n\u00e4opuhastus, kerge massaa\u017e, mask, kulmude modelleerimine,&hellip;","og_url":"https:\/\/spaestonia.ee\/medical\/ilusalong\/naohoolitsused\/","og_site_name":"ESTONIA Medical Spa &amp; Hotel","article_publisher":"https:\/\/www.facebook.com\/EstoniaMedicalSpa","article_modified_time":"2025-01-02T07:03:47+00:00","twitter_card":"summary_large_image","twitter_misc":{"Est. reading time":"1 minut"},"schema":{"@context":"https:\/\/schema.org","@graph":[{"@type":"WebPage","@id":"https:\/\/spaestonia.ee\/medical\/ilusalong\/naohoolitsused\/","url":"https:\/\/spaestonia.ee\/medical\/ilusalong\/naohoolitsused\/","name":"N\u00e4ohoolitsused - ESTONIA Medical Spa &amp; Hotel","isPartOf":{"@id":"https:\/\/www.spaestonia.ee\/medical\/#website"},"datePublished":"2015-01-03T10:23:56+00:00","dateModified":"2025-01-02T07:03:47+00:00","breadcrumb":{"@id":"https:\/\/spaestonia.ee\/medical\/ilusalong\/naohoolitsused\/#breadcrumb"},"inLanguage":"et","potentialAction":[{"@type":"ReadAction","target":["https:\/\/spaestonia.ee\/medical\/ilusalong\/naohoolitsused\/"]}]},{"@type":"BreadcrumbList","@id":"https:\/\/spaestonia.ee\/medical\/ilusalong\/naohoolitsused\/#breadcrumb","itemListElement":[{"@type":"ListItem","position":1,"name":"Home","item":"https:\/\/www.spaestonia.ee\/medical\/"},{"@type":"ListItem","position":2,"name":"Ilusalong","item":"https:\/\/www.spaestonia.ee\/medical\/ilusalong\/"},{"@type":"ListItem","position":3,"name":"N\u00e4ohoolitsused"}]},{"@type":"WebSite","@id":"https:\/\/www.spaestonia.ee\/medical\/#website","url":"https:\/\/www.spaestonia.ee\/medical\/","name":"ESTONIA Medical Spa & Hotel","description":"Ravispaa - Terveyskylpyl\u00e4 - P\u00e4rnu","publisher":{"@id":"https:\/\/www.spaestonia.ee\/medical\/#organization"},"potentialAction":[{"@type":"SearchAction","target":{"@type":"EntryPoint","urlTemplate":"https:\/\/www.spaestonia.ee\/medical\/?s={search_term_string}"},"query-input":{"@type":"PropertyValueSpecification","valueRequired":true,"valueName":"search_term_string"}}],"inLanguage":"et"},{"@type":"Organization","@id":"https:\/\/www.spaestonia.ee\/medical\/#organization","name":"ESTONIA Medical Spa & Hotel","url":"https:\/\/www.spaestonia.ee\/medical\/","logo":{"@type":"ImageObject","inLanguage":"et","@id":"https:\/\/www.spaestonia.ee\/medical\/#\/schema\/logo\/image\/","url":"https:\/\/www.spaestonia.ee\/medical\/wp-content\/uploads\/2025\/02\/medical.jpg","contentUrl":"https:\/\/www.spaestonia.ee\/medical\/wp-content\/uploads\/2025\/02\/medical.jpg","width":700,"height":450,"caption":"ESTONIA Medical Spa & Hotel"},"image":{"@id":"https:\/\/www.spaestonia.ee\/medical\/#\/schema\/logo\/image\/"},"sameAs":["https:\/\/www.facebook.com\/EstoniaMedicalSpa"]}]}},"_links":{"self":[{"href":"https:\/\/spaestonia.ee\/medical\/wp-json\/wp\/v2\/pages\/624","targetHints":{"allow":["GET"]}}],"collection":[{"href":"https:\/\/spaestonia.ee\/medical\/wp-json\/wp\/v2\/pages"}],"about":[{"href":"https:\/\/spaestonia.ee\/medical\/wp-json\/wp\/v2\/types\/page"}],"author":[{"embeddable":true,"href":"https:\/\/spaestonia.ee\/medical\/wp-json\/wp\/v2\/users\/1"}],"replies":[{"embeddable":true,"href":"https:\/\/spaestonia.ee\/medical\/wp-json\/wp\/v2\/comments?post=624"}],"version-history":[{"count":33,"href":"https:\/\/spaestonia.ee\/medical\/wp-json\/wp\/v2\/pages\/624\/revisions"}],"predecessor-version":[{"id":21970,"href":"https:\/\/spaestonia.ee\/medical\/wp-json\/wp\/v2\/pages\/624\/revisions\/21970"}],"up":[{"embeddable":true,"href":"https:\/\/spaestonia.ee\/medical\/wp-json\/wp\/v2\/pages\/170"}],"wp:attachment":[{"href":"https:\/\/spaestonia.ee\/medical\/wp-json\/wp\/v2\/media?parent=624"}],"curies":[{"name":"wp","href":"https:\/\/api.w.org\/{rel}","templated":true}]}}