{"id":9692,"date":"2018-10-25T07:59:43","date_gmt":"2018-10-25T04:59:43","guid":{"rendered":"http:\/\/www.spaestonia.ee\/medical\/?page_id=9692"},"modified":"2022-10-11T08:26:08","modified_gmt":"2022-10-11T05:26:08","slug":"broneerimistingimused","status":"publish","type":"page","link":"https:\/\/spaestonia.ee\/medical\/broneerimistingimused\/","title":{"rendered":"Broneerimistingimused"},"content":{"rendered":"<h3><span id=\"lblCondiciones\">\u00dcLDISED BRONEERIMISTINGIMUSED<\/span><\/h3>\n<ol>\n<li><span id=\"lblCondiciones\">Broneering<br \/>\n\u2013\u00a0<\/span><span id=\"lblCondiciones\">Broneeringu kinnitus koos k\u00fclaliste arvu ja teenuste- ning hinnainfoga saadetakse tellija e-posti aadressile.<br \/>\n\u2013\u00a0<\/span><span id=\"lblCondiciones\">Lisavoodil majutuvad vaid lapsed kuni 14a (k.a) ja lisavoodi saadavuse info kinnitame eraldi e-postiga 24h jooksul t\u00f6\u00f6p\u00e4evadel.<\/span><\/li>\n<li><span id=\"lblCondiciones\">Vanusepiirangud<br \/>\n\u2013 Lastena majutatakse kuni 14a (k.a) k\u00fclastajaid.<br \/>\n\u2013 Alla 18-aastased k\u00fclalised on oodatud ainult koos t\u00e4iskasvanud saatjaga.<\/span><\/li>\n<li><span id=\"lblCondiciones\">Saabumine ja lahkumine<br \/>\n\u2013 Check-in algab kell 15:00, check-out lahkumisp\u00e4eval kestab kuni 12:00.<br \/>\n\u2013 Varasem saabumine ja hilisem lahkumine on v\u00f5imalik vaid hotelliga kokkuleppel ja vastavalt kehtivale hinnakirjale.<br \/>\n<\/span><\/li>\n<li><span id=\"lblCondiciones\">Grupibroneeringud<br \/>\n\u2013\u00a0<\/span>Broneeringuid, mis sisaldavad 6 ja enam tuba, k\u00e4sitletakse grupibroneeringutena.<br \/>\n\u2013 Grupibroneeringute majutusnimekirja ootame hiljemalt 4 t\u00f6\u00f6p\u00e4eva enne saabumist (klientide ees- ja perekonna-nimed, tubade kategooria, lisateenuste broneeringud jm).<\/li>\n<\/ol>\n<h3>MAKSMISTINGIMUSED<\/h3>\n<ol>\n<li>Broneeringu eest tuleb tasuda hiljemalt hotelli saabumisel check-in&#8217;is.<\/li>\n<li>Sularahas v\u00f5i kaardimaksena<br \/>\nHotelli saabumisel on broneeringu eest v\u00f5imalik tasuda sularahas v\u00f5i kaardimaksena.<\/li>\n<li>Krediitkaardiga tasumine<br \/>\nAktsepteerime j\u00e4rgmisi krediitkaarte: Visa, MasterCard, American Express.<\/li>\n<li>Arvega tasumine<br \/>\nArvega tasumise palume eelnevalt koosk\u00f5lastada hiljemalt 3 t\u00f6\u00f6p\u00e4eva (esmasp\u00e4evast reedeni, v.a riiklikud p\u00fchad) enne saabumist.<\/li>\n<\/ol>\n<h3><span id=\"ECondCancel\">MUUTMIS- JA T\u00dcHISTAMISTINGIMUSED MAJUTUSEGA BRONEERINGUTELE KUNI\u00a05 TUBA<\/span><\/h3>\n<ol>\n<li><strong>Broneeringut saab tasuta t\u00fchistada hiljemalt 48 h enne k\u00fclastust<\/strong>. Hilisema t\u00fchistamise v\u00f5i mitteilmumise korral on\u00a0<span id=\"ECondCancel\">hotellil \u00f5igus esitada kompensatsiooniarve esimese \u00f6\u00f6 maksumuse ulatuses.\u00a0<\/span>Eripakkumiste ja kampaaniate raames tehtud\u00a0 broneeringutele kehtivad vastavad broneerimistingimused.<\/li>\n<li>Hotell hoiab tuba saabumisp\u00e4eval kuni kell 18:00. Kui k\u00fclaline ei ole t\u00fchistanud oma broneeringut ega teavitanud hilisemast saabumisest, on hotellil \u00f5igus t\u00fchistada broneering ilma k\u00fclalisega kontakteerumata.<\/li>\n<\/ol>\n<h3><span id=\"ECondCancel\">MUUTMIS- JA T\u00dcHISTAMISTINGIMUSED <\/span><span id=\"ECondCancel\">MAJUTUSEGA BRONEERINGUTELE 6 JA ENAM TUBA<br \/>\n<\/span><\/h3>\n<ol>\n<li>Grupibroneeringute kinnitatud tellimuse mahu muutmine kuni 10% ulatuses on v\u00f5imalik kuni 4 t\u00f6\u00f6p\u00e4eva enne saabumist.<\/li>\n<li>Rohkem kui 10% kinnitatud tellimuse mahu muutmisel on hotellil \u00f5igus n\u00f5uda kompensatsiooni kasutamata teenuste hinnast:<\/li>\n<\/ol>\n<table width=\"0\">\n<tbody>\n<tr>\n<td rowspan=\"2\" width=\"189\">Tubade arv tellimuses<\/td>\n<td rowspan=\"2\" width=\"123\">T\u00fchistamine ilma kompensatsioonita<br \/>\n(p\u00e4evade arv enne k\u00fclastust)<\/td>\n<td colspan=\"3\" width=\"369\">Kompensatsioon hilisema t\u00fchistamise korral<\/td>\n<\/tr>\n<tr>\n<td width=\"123\">25% tellimuse kogumaksumusest<\/td>\n<td width=\"123\">50% tellimuse kogumaksumusest<\/td>\n<td width=\"123\">100% tellimuse kogumaksumusest<\/td>\n<\/tr>\n<tr>\n<td width=\"189\">Kuni 5 tuba<\/td>\n<td width=\"123\">2 p\u00e4eva<\/td>\n<td width=\"123\"><\/td>\n<td width=\"123\"><\/td>\n<td width=\"123\">0 \u2013 1 p\u00e4ev<\/td>\n<\/tr>\n<tr>\n<td width=\"189\">6 \u2013 15 tuba<\/td>\n<td width=\"123\">14 p\u00e4eva<\/td>\n<td width=\"123\">8 \u2013 13 p\u00e4eva<\/td>\n<td width=\"123\">4 \u2013 7 p\u00e4eva<\/td>\n<td width=\"123\">0 \u2013 3 p\u00e4eva<\/td>\n<\/tr>\n<tr>\n<td width=\"189\">16 \u2013 30 tuba<\/td>\n<td width=\"123\">28 p\u00e4eva<\/td>\n<td width=\"123\">15 \u2013 27 p\u00e4eva<\/td>\n<td width=\"123\">8 \u2013 14 p\u00e4eva<\/td>\n<td width=\"123\">0 \u2013 7 p\u00e4eva<\/td>\n<\/tr>\n<tr>\n<td width=\"189\">31 \u2013 50 tuba<\/td>\n<td width=\"123\">42 p\u00e4eva<\/td>\n<td width=\"123\">41 \u2013 22 p\u00e4eva<\/td>\n<td width=\"123\">11 \u2013 21 p\u00e4eva<\/td>\n<td width=\"123\">0 \u2013 10 p\u00e4eva<\/td>\n<\/tr>\n<tr>\n<td width=\"189\">51 \u2013 \u2026 tuba<\/td>\n<td width=\"123\">56 p\u00e4eva<\/td>\n<td width=\"123\">55 \u2013 24 p\u00e4eva<\/td>\n<td width=\"123\">15 \u2013 23 p\u00e4eva<\/td>\n<td width=\"123\">0 \u2013 14 p\u00e4eva<\/td>\n<\/tr>\n<\/tbody>\n<\/table>\n<p>Hotellil on \u00f5igus rakendada tavap\u00e4rasest rangemaid broneerimis-ja t\u00fchistustingimusi k\u00f5rgendatud n\u00f5udlusega perioodidel, suuremahuliste majutusbroneeringute puhul al 70 tuba\u00a0v\u00f5i rohkem ja eripakkumiste korral, sellisel juhul kinnitame broneerimistingimused eraldi e-kirjaga.<\/p>\n<h3><span id=\"ECondCancel\">ILMA MAJUTUSETA BRONEERINGUD<br \/>\n<\/span><\/h3>\n<ol>\n<li>Grupitellimuste puhul alates 10 k\u00fclalisest palume hiljemalt 14 p\u00e4eva enne saabumist saata hotellile:<br \/>\n\u2013 toitlustuse men\u00fc\u00fcvalikud koos ajakavaga<br \/>\n\u2013 grupi kontaktisiku, kellel on volitus lisada broneeringule t\u00e4iendavaid tellimusi hotellis viibimise ajal, nimi ja mobiiltelefoni number.<\/li>\n<li>Hiljemalt 4 t\u00f6\u00f6p\u00e4eva enne saabumist palume saata erisoovid arveldamise, arve vormistuse, eridieetide jms kohta.<\/li>\n<li>Kinnitatud tellimuse mahu muutmine kuni 10% ulatuses on v\u00f5imalik kuni 4 t\u00f6\u00f6p\u00e4eva enne saabumist.<\/li>\n<li>Rohkem kui 10% kinnitatud tellimuse mahu muutmisel on hotellil \u00f5igus n\u00f5uda kompensatsiooni kasutamata teenuste hinnast:<\/li>\n<\/ol>\n<table width=\"0\">\n<tbody>\n<tr>\n<td rowspan=\"2\" width=\"189\">K\u00fclaliste arv tellimuses<\/td>\n<td rowspan=\"2\" width=\"123\">T\u00fchistamine ilma kompensatsioonita<br \/>\n(p\u00e4evade arv enne k\u00fclastust)<\/td>\n<td colspan=\"3\" width=\"369\">Kompensatsioon hilisema t\u00fchistamise korral<\/td>\n<\/tr>\n<tr>\n<td width=\"123\">25% tellimuse kogumaksumusest<\/td>\n<td width=\"123\">50% tellimuse kogumaksumusest<\/td>\n<td width=\"123\">100% tellimuse kogumaksumusest<\/td>\n<\/tr>\n<tr>\n<td width=\"189\">Kuni 10 k\u00fclastajat<\/td>\n<td width=\"123\">2 p\u00e4eva<\/td>\n<td width=\"123\"><\/td>\n<td width=\"123\"><\/td>\n<td width=\"123\">0 \u2013 1 p\u00e4ev<\/td>\n<\/tr>\n<tr>\n<td width=\"189\">11 \u2013 30 k\u00fclastajat<\/td>\n<td width=\"123\">14 p\u00e4eva<\/td>\n<td width=\"123\">8 \u2013 13 p\u00e4eva<\/td>\n<td width=\"123\">4 \u2013 7 p\u00e4eva<\/td>\n<td width=\"123\">0 \u2013 3 p\u00e4eva<\/td>\n<\/tr>\n<tr>\n<td width=\"189\">31 \u2013 60 k\u00fclastajat<\/td>\n<td width=\"123\">28 p\u00e4eva<\/td>\n<td width=\"123\">15 \u2013 27 p\u00e4eva<\/td>\n<td width=\"123\">8 \u2013 14 p\u00e4eva<\/td>\n<td width=\"123\">0 \u2013 7 p\u00e4eva<\/td>\n<\/tr>\n<tr>\n<td width=\"189\">61 \u2013 100 k\u00fclastajat<\/td>\n<td width=\"123\">42 p\u00e4eva<\/td>\n<td width=\"123\">41 \u2013 22 p\u00e4eva<\/td>\n<td width=\"123\">11 \u2013 21 p\u00e4eva<\/td>\n<td width=\"123\">0 \u2013 10 p\u00e4eva<\/td>\n<\/tr>\n<tr>\n<td width=\"189\">101 \u2013 \u2026k\u00fclastajat<\/td>\n<td width=\"123\">56 p\u00e4eva<\/td>\n<td width=\"123\">55 \u2013 24 p\u00e4eva<\/td>\n<td width=\"123\">15 \u2013 23 p\u00e4eva<\/td>\n<td width=\"123\">0 \u2013 14 p\u00e4eva<\/td>\n<\/tr>\n<\/tbody>\n<\/table>\n<p>Hotellil on \u00f5igus rakendada tavap\u00e4rasest rangemaid broneerimistingimusi k\u00f5rgendatud n\u00f5udlusega perioodidel\u00a0ja\u00a0eripakkumiste korral, sellisel juhul kinnitame broneerimistingimused eraldi e-kirjaga.<\/p>\n<h3><span id=\"EPolitica\">PRIVAATSUS<br \/>\n<\/span><\/h3>\n<p><span id=\"EPolitica\">Kogu kliendi poolt sisestatud informatsioon s\u00e4ilitatakse ja avalikustatakse ainult koosk\u00f5las andmekaitseseadustega.<\/span><\/p>\n","protected":false},"excerpt":{"rendered":"<p>\u00dcLDISED BRONEERIMISTINGIMUSED Broneering \u2013\u00a0Broneeringu kinnitus koos k\u00fclaliste arvu ja teenuste- ning hinnainfoga saadetakse tellija e-posti&hellip;<\/p>\n","protected":false},"author":1,"featured_media":0,"parent":0,"menu_order":0,"comment_status":"closed","ping_status":"closed","template":"","meta":{"footnotes":""},"class_list":["post-9692","page","type-page","status-publish","hentry"],"yoast_head":"<!-- This site is optimized with the Yoast SEO plugin v26.3 - https:\/\/yoast.com\/wordpress\/plugins\/seo\/ -->\n<title>Broneerimistingimused - ESTONIA Medical Spa &amp; Hotel<\/title>\n<meta name=\"robots\" content=\"index, follow, max-snippet:-1, max-image-preview:large, max-video-preview:-1\" \/>\n<link rel=\"canonical\" href=\"https:\/\/spaestonia.ee\/medical\/broneerimistingimused\/\" \/>\n<meta property=\"og:locale\" content=\"et_EE\" \/>\n<meta property=\"og:type\" content=\"article\" \/>\n<meta property=\"og:title\" content=\"Broneerimistingimused - ESTONIA Medical Spa &amp; Hotel\" \/>\n<meta property=\"og:description\" content=\"\u00dcLDISED BRONEERIMISTINGIMUSED Broneering \u2013\u00a0Broneeringu kinnitus koos k\u00fclaliste arvu ja teenuste- ning hinnainfoga saadetakse tellija e-posti&hellip;\" \/>\n<meta property=\"og:url\" content=\"https:\/\/spaestonia.ee\/medical\/broneerimistingimused\/\" \/>\n<meta property=\"og:site_name\" content=\"ESTONIA Medical Spa &amp; Hotel\" \/>\n<meta property=\"article:publisher\" content=\"https:\/\/www.facebook.com\/EstoniaMedicalSpa\" \/>\n<meta property=\"article:modified_time\" content=\"2022-10-11T05:26:08+00:00\" \/>\n<meta name=\"twitter:card\" content=\"summary_large_image\" \/>\n<meta name=\"twitter:label1\" content=\"Est. reading time\" \/>\n\t<meta name=\"twitter:data1\" content=\"3 minutit\" \/>\n<script type=\"application\/ld+json\" class=\"yoast-schema-graph\">{\"@context\":\"https:\/\/schema.org\",\"@graph\":[{\"@type\":\"WebPage\",\"@id\":\"https:\/\/spaestonia.ee\/medical\/broneerimistingimused\/\",\"url\":\"https:\/\/spaestonia.ee\/medical\/broneerimistingimused\/\",\"name\":\"Broneerimistingimused - ESTONIA Medical Spa &amp; Hotel\",\"isPartOf\":{\"@id\":\"https:\/\/www.spaestonia.ee\/medical\/#website\"},\"datePublished\":\"2018-10-25T04:59:43+00:00\",\"dateModified\":\"2022-10-11T05:26:08+00:00\",\"breadcrumb\":{\"@id\":\"https:\/\/spaestonia.ee\/medical\/broneerimistingimused\/#breadcrumb\"},\"inLanguage\":\"et\",\"potentialAction\":[{\"@type\":\"ReadAction\",\"target\":[\"https:\/\/spaestonia.ee\/medical\/broneerimistingimused\/\"]}]},{\"@type\":\"BreadcrumbList\",\"@id\":\"https:\/\/spaestonia.ee\/medical\/broneerimistingimused\/#breadcrumb\",\"itemListElement\":[{\"@type\":\"ListItem\",\"position\":1,\"name\":\"Home\",\"item\":\"https:\/\/www.spaestonia.ee\/medical\/\"},{\"@type\":\"ListItem\",\"position\":2,\"name\":\"Broneerimistingimused\"}]},{\"@type\":\"WebSite\",\"@id\":\"https:\/\/www.spaestonia.ee\/medical\/#website\",\"url\":\"https:\/\/www.spaestonia.ee\/medical\/\",\"name\":\"ESTONIA Medical Spa & Hotel\",\"description\":\"Ravispaa - Terveyskylpyl\u00e4 - P\u00e4rnu\",\"publisher\":{\"@id\":\"https:\/\/www.spaestonia.ee\/medical\/#organization\"},\"potentialAction\":[{\"@type\":\"SearchAction\",\"target\":{\"@type\":\"EntryPoint\",\"urlTemplate\":\"https:\/\/www.spaestonia.ee\/medical\/?s={search_term_string}\"},\"query-input\":{\"@type\":\"PropertyValueSpecification\",\"valueRequired\":true,\"valueName\":\"search_term_string\"}}],\"inLanguage\":\"et\"},{\"@type\":\"Organization\",\"@id\":\"https:\/\/www.spaestonia.ee\/medical\/#organization\",\"name\":\"ESTONIA Medical Spa & Hotel\",\"url\":\"https:\/\/www.spaestonia.ee\/medical\/\",\"logo\":{\"@type\":\"ImageObject\",\"inLanguage\":\"et\",\"@id\":\"https:\/\/www.spaestonia.ee\/medical\/#\/schema\/logo\/image\/\",\"url\":\"https:\/\/www.spaestonia.ee\/medical\/wp-content\/uploads\/2025\/02\/medical.jpg\",\"contentUrl\":\"https:\/\/www.spaestonia.ee\/medical\/wp-content\/uploads\/2025\/02\/medical.jpg\",\"width\":700,\"height\":450,\"caption\":\"ESTONIA Medical Spa & Hotel\"},\"image\":{\"@id\":\"https:\/\/www.spaestonia.ee\/medical\/#\/schema\/logo\/image\/\"},\"sameAs\":[\"https:\/\/www.facebook.com\/EstoniaMedicalSpa\"]}]}<\/script>\n<!-- \/ Yoast SEO plugin. -->","yoast_head_json":{"title":"Broneerimistingimused - ESTONIA Medical Spa &amp; Hotel","robots":{"index":"index","follow":"follow","max-snippet":"max-snippet:-1","max-image-preview":"max-image-preview:large","max-video-preview":"max-video-preview:-1"},"canonical":"https:\/\/spaestonia.ee\/medical\/broneerimistingimused\/","og_locale":"et_EE","og_type":"article","og_title":"Broneerimistingimused - ESTONIA Medical Spa &amp; Hotel","og_description":"\u00dcLDISED BRONEERIMISTINGIMUSED Broneering \u2013\u00a0Broneeringu kinnitus koos k\u00fclaliste arvu ja teenuste- ning hinnainfoga saadetakse tellija e-posti&hellip;","og_url":"https:\/\/spaestonia.ee\/medical\/broneerimistingimused\/","og_site_name":"ESTONIA Medical Spa &amp; Hotel","article_publisher":"https:\/\/www.facebook.com\/EstoniaMedicalSpa","article_modified_time":"2022-10-11T05:26:08+00:00","twitter_card":"summary_large_image","twitter_misc":{"Est. reading time":"3 minutit"},"schema":{"@context":"https:\/\/schema.org","@graph":[{"@type":"WebPage","@id":"https:\/\/spaestonia.ee\/medical\/broneerimistingimused\/","url":"https:\/\/spaestonia.ee\/medical\/broneerimistingimused\/","name":"Broneerimistingimused - ESTONIA Medical Spa &amp; Hotel","isPartOf":{"@id":"https:\/\/www.spaestonia.ee\/medical\/#website"},"datePublished":"2018-10-25T04:59:43+00:00","dateModified":"2022-10-11T05:26:08+00:00","breadcrumb":{"@id":"https:\/\/spaestonia.ee\/medical\/broneerimistingimused\/#breadcrumb"},"inLanguage":"et","potentialAction":[{"@type":"ReadAction","target":["https:\/\/spaestonia.ee\/medical\/broneerimistingimused\/"]}]},{"@type":"BreadcrumbList","@id":"https:\/\/spaestonia.ee\/medical\/broneerimistingimused\/#breadcrumb","itemListElement":[{"@type":"ListItem","position":1,"name":"Home","item":"https:\/\/www.spaestonia.ee\/medical\/"},{"@type":"ListItem","position":2,"name":"Broneerimistingimused"}]},{"@type":"WebSite","@id":"https:\/\/www.spaestonia.ee\/medical\/#website","url":"https:\/\/www.spaestonia.ee\/medical\/","name":"ESTONIA Medical Spa & Hotel","description":"Ravispaa - Terveyskylpyl\u00e4 - P\u00e4rnu","publisher":{"@id":"https:\/\/www.spaestonia.ee\/medical\/#organization"},"potentialAction":[{"@type":"SearchAction","target":{"@type":"EntryPoint","urlTemplate":"https:\/\/www.spaestonia.ee\/medical\/?s={search_term_string}"},"query-input":{"@type":"PropertyValueSpecification","valueRequired":true,"valueName":"search_term_string"}}],"inLanguage":"et"},{"@type":"Organization","@id":"https:\/\/www.spaestonia.ee\/medical\/#organization","name":"ESTONIA Medical Spa & Hotel","url":"https:\/\/www.spaestonia.ee\/medical\/","logo":{"@type":"ImageObject","inLanguage":"et","@id":"https:\/\/www.spaestonia.ee\/medical\/#\/schema\/logo\/image\/","url":"https:\/\/www.spaestonia.ee\/medical\/wp-content\/uploads\/2025\/02\/medical.jpg","contentUrl":"https:\/\/www.spaestonia.ee\/medical\/wp-content\/uploads\/2025\/02\/medical.jpg","width":700,"height":450,"caption":"ESTONIA Medical Spa & Hotel"},"image":{"@id":"https:\/\/www.spaestonia.ee\/medical\/#\/schema\/logo\/image\/"},"sameAs":["https:\/\/www.facebook.com\/EstoniaMedicalSpa"]}]}},"_links":{"self":[{"href":"https:\/\/spaestonia.ee\/medical\/wp-json\/wp\/v2\/pages\/9692","targetHints":{"allow":["GET"]}}],"collection":[{"href":"https:\/\/spaestonia.ee\/medical\/wp-json\/wp\/v2\/pages"}],"about":[{"href":"https:\/\/spaestonia.ee\/medical\/wp-json\/wp\/v2\/types\/page"}],"author":[{"embeddable":true,"href":"https:\/\/spaestonia.ee\/medical\/wp-json\/wp\/v2\/users\/1"}],"replies":[{"embeddable":true,"href":"https:\/\/spaestonia.ee\/medical\/wp-json\/wp\/v2\/comments?post=9692"}],"version-history":[{"count":19,"href":"https:\/\/spaestonia.ee\/medical\/wp-json\/wp\/v2\/pages\/9692\/revisions"}],"predecessor-version":[{"id":17290,"href":"https:\/\/spaestonia.ee\/medical\/wp-json\/wp\/v2\/pages\/9692\/revisions\/17290"}],"wp:attachment":[{"href":"https:\/\/spaestonia.ee\/medical\/wp-json\/wp\/v2\/media?parent=9692"}],"curies":[{"name":"wp","href":"https:\/\/api.w.org\/{rel}","templated":true}]}}