{"id":1363,"date":"2015-05-12T10:24:21","date_gmt":"2015-05-12T07:24:21","guid":{"rendered":"https:\/\/www.spaestonia.ee\/resort\/?page_id=1363"},"modified":"2026-04-13T15:45:17","modified_gmt":"2026-04-13T12:45:17","slug":"naole-ja-peale","status":"publish","type":"page","link":"https:\/\/spaestonia.ee\/resort\/spaahoolitsused\/naole-ja-peale\/","title":{"rendered":"N\u00e4ole ja peale"},"content":{"rendered":"<h4>\u00bb <a href=\"#eesti\">Ehedad eestimaised n\u00e4ohoolitsused<\/a><\/h4>\n<h4>\u00bb <a href=\"#sothys\">Sothyse n\u00e4ohoolitsused<\/a><\/h4>\n<p>\u00bb <a href=\"#sundari\">Sundari idamaised n\u00e4ohoolitsused<\/a><\/p>\n<h2>EHEDAD EESTIMAISED N\u00c4O- JA PEANAHA HOOLITSUSED<\/h2>\n<h3>Metsiku roosi n\u00e4ohoolitsus<br \/>\n50 min 57 \u20ac<\/h3>\n<p>Metsik roos ehk kibuvits kasvab laialdaselt Eestimaa rannikualadel ja juba iidsetel aegadel kasutati seda kauni\u00f5ielist taime oma n\u00e4onaha v\u00e4rskendamiseks. Kibuvits puhastab, niisutab ja uuendab vananenud nahka. Lisaks on kibuvitsal armastuse- ja heaolutunnet loov m\u00f5ju.<br \/>\nN\u00e4ohoolitsus algab \u00f5la- ja turjapingete leevendamisega. Seej\u00e4rel niisutatakse nahka sooja niiske k\u00e4ter\u00e4tikuga ja kantakse peale kooriv Haapsalu ravimuda mask, mis sisaldab lisaks mineraalidele ja vitamiinidele ka kamajahu ja metsiku roosi kroonlehti. J\u00e4rgneb saialillesalviga nahka rahustav n\u00e4o- ja dekoltee massaa\u017e.<\/p>\n<h3>Turba ja angervaksa n\u00e4ohoolitsus<br \/>\n50 min 57 \u20ac<\/h3>\n<p>Angervaks on maagiline ja m\u00fcstiline taim, mida seostatakse universumi armastuse ning inimese kolmanda silmaga. Sobib h\u00e4sti neile, kellel on keskendumisraskused ning kes tunnevad, et nende kanda on liiga palju vastutust. Angervaks sobib suurep\u00e4raselt ka v\u00e4ikeste lastega emadele ning liigse t\u00f6\u00f6koormusega inimestele. Taim taastab sisemise tasakaalu ning v\u00f5ib tekitada m\u00fcstilisi unen\u00e4gusid.<br \/>\nTurbas sisaldub bioloogiliselt aktiivne aine nimega humiin, mis imendub h\u00e4sti l\u00e4bi naha ning t\u00e4nu oma imamisv\u00f5imele seob endaga kehas leiduvad m\u00fcrgid ja j\u00e4\u00e4kained. Humiin aktiveerib vere- ja l\u00fcmfiringet ja tasakaalustab hormoonide talitlust.<br \/>\nN\u00e4ohoolitsus algab \u00f5la- ja turjapingete leevendamisega. Seej\u00e4rel niisutatakse nahka sooja niiske k\u00e4ter\u00e4tikuga ja kantakse n\u00e4ole kooriv turba-angervaksa mask. J\u00e4rgneb nahka rahustav n\u00e4o- ja dekoltee massaa\u017e saialillesalviga.<\/p>\n<h3>Peanaha hoolitsus<br \/>\n30 min 42\u20ac<\/h3>\n<p>Hoolitsus algab jalgade tervitusrituaaliga \u2013 jalalabad puhastatakse ja niisutatakse piparm\u00fcndi koorijaga. Seej\u00e4rel kerge tervitus \u00f5lav\u00f6\u00f6tmele ning l\u00f5\u00f5gastav peanaha massaa\u017e v\u00f5ib alata. Massaa\u017e ergutab vereringet, leevendab pingeid ja aitab looduslikel toimeainetel paremini imenduda. Kasutame vegan koostisega haruldastest ja v\u00e4\u00e4rtuslikest \u00f5lidest saadud segu, millel on \u00f5rn sidrunheina ja gardeenia aroom.\u00a0 Eeterlikud \u00f5lid puhastavad ja turgutavad peanahka. Hoolitsuse l\u00f5petavad l\u00f5\u00f5gastavad vajutused n\u00e4ol, pealael ja \u00f5lav\u00f6\u00f6tmel, mis aitavad vabastastada kehasse kogunenud pingeid ja s\u00fcvendavad heaolutunnet. Regulaarne peanaha hoolitsus tugevdab juuksejuuri, parandab juuste loomulikku ilu ning annab neile eluj\u00f5udu ja s\u00e4ra.<\/p>\n<h2>SOTHYSE N\u00c4OHOOLITSUSED<a id=\"sothys\"><\/a><\/h2>\n<p><em>Palun tule hoolitsusele v\u00f5imalusel ilma meigita!<\/em><\/p>\n<h3>Sothys kr\u00fco-silma\u00fcmbruse hoolitsus\u00a0 portselanlusikatega<br \/>\n45 min, 65 \u20ac<\/h3>\n<p>T\u00e4iuslik salongihooldus s\u00e4ravate silmade heaks! Silma\u00fcmbrushooldus v\u00e4hendab tumedaid silmaaluseid, turseid ja kortsukesi. Sobib ka tundlikele silmadele ja kontaktl\u00e4\u00e4tsede kandjatele. Spetsiaalsed tooted (koorija, seerum, massaa\u017eikreem, mask ning silmakreem) on loodud just silma\u00fcmbruse naha toniseerimiseks ja v\u00e4rskendamiseks. Hoolduses kasutatavad Sothyse poolt v\u00e4lja t\u00f6\u00f6tatud portselanist massaa\u017eilusikad annavad j\u00e4iselt jahutava ja turseid alandava efekti.<br \/>\nSilmahooldust soovitatakse s\u00e4ravate silmade heaks n\u00e4iteks enne v\u00f5i p\u00e4rast \u00fcritusi ning v\u00e4sinud ilme parandamiseks. Samuti v\u00f5ib optimaalseks tulemuseks teha kolme hoolduse intensiivkuuri (kord n\u00e4dalas).<\/p>\n<h3>Sothys niisutav intensiivhoolitsus Hydra Hyaluronic Acid 4<br \/>\n75 min, 95 \u20ac<\/h3>\n<p>Uue generatsiooni niisutav hooldusprogramm annab kohese ja pikaajalise tulemuse ning v\u00f5imaldab nahal iseseisvalt taastada niiskuskadu. Pinnapuhastusele j\u00e4rgneb esmalt naha mugavustunde taastamine\u00a0 ning seej\u00e4rel koorimine ens\u00fc\u00fcmidega, mis eemaldab \u00f5rnalt ebapuhtused, parandab naha elastsuse ja s\u00e4ra. Hooldus sisaldab kahte seerumit: kolme erineva h\u00fcaluroonhappe kaaluga ampull niisutab koheleselt k\u00f5iki nahakihte ning keramiididega seerum tugevdab naha kaitsebarj\u00e4\u00e4ri funktsioone. Hoolduse muudab t\u00f5husaks <em>Digi-Esthetique <\/em>massaa\u017eiv\u00f5tted ning -kreem, mille koostisesse kuuluvad Sothyse poolt patenteeritud pihlakamarja peptiidid ja boletuse ekstrakt, mis v\u00e4hendab vananemisilminguid ja v\u00f5itleb vabade radikaalide vastu. P\u00e4rast lopsakust lisavat maski on nahk taaselavdatud ning \u201ejanu\u201c kustutatud!<\/p>\n<h3>Sothys hooajaline n\u00e4ohoolitsus<br \/>\n45 min 68 \u20ac<\/h3>\n<p>Kaks korda aastas vahelduseks tavahooldustele t\u00f6\u00f6tab Sothys v\u00e4lja hooajalise hoolduse l\u00e4htudes aastaaegadest. Pika talve l\u00f5ppedes n\u00e4ib nahk v\u00e4sinud. Kevadel, et alustada uut hooaega, peab nahk \u00a0t\u00e4iendama oma hapniku- ja vitamiinide varusid. S\u00fcgis-talvel k\u00fclmaga vajab nahk rohkem niisutust ja kaitset pakase eest.<br \/>\nIgal hooajal on hoolduse toodetel kahe puuvilja isu\u00e4ratav aroom.\u00a0 Koorimine, mask ja l\u00f5\u00f5gastav massaa\u017e muudavad naha kirkaks. Kiire nahka hapnikuga rikastav hooajaline hooldus on heaks vahelduseks tavahooldustele \u2013 nahk on l\u00f5\u00f5gastunud ja v\u00e4rske.<\/p>\n<h3>Sothys rahustav n\u00e4ohoolitsus Spa\u2122 termaalveega<br \/>\n50 min, 70 \u20ac<\/h3>\n<p>Sothys taasavastas allikate raviva toime luues Spa\u2122 termaalveega* professionaalse n\u00e4ohoolduse tundlikule nahale. Hoolduses kasutatakse \u00fclimalt \u00f5rnasid tekstuure arvestades k\u00f5ikv\u00f5imalikku naha tundlikkust. Rahustav hooldus sisaldab kahte maski, esialgu kantakse nahale puhastav-pehmendav mask ning n\u00e4ohoolduse l\u00f5ppfaasis rahustav mask, mille toimimise ajal viiakse l\u00e4bi jahutav massaa\u017e portselanlusikatega. 50 minutiga saavutab igasugune tundlik v\u00f5i punetav nahk heaolu ja \u00fchtlase jume!<br \/>\n*Marie-Henriette naturaalne mineraal allikavesi kaitstud piirkonnast.<\/p>\n<h2>SUNDARI IDAMAISED N\u00c4OHOOLITSUSED<a id=\"#sundarip\"><\/a><\/h2>\n<h3>N\u00e4ohoolitsus vastavalt kliendi Dosha t\u00fc\u00fcbile<br \/>\n60 min 69 \u20ac<\/h3>\n<p>Holistiline hoolitsus taastab ja noorendab nahka, kohaldub ideaalselt kliendi naha spetsiaalsete vajadustega. Tooted valitakse vastavalt kliendi kehat\u00fc\u00fcbile Sundari sarjast. Looduslikud toimained on segatud kokku koorivate osakestega, mille koostoime l\u00f5pptulemuseks on p\u00f5hjalikult puhastatud ja toidetud nahk.<br \/>\nHoolitsuse alguses tehtav Sund\u00e3ri omap\u00e4rane Marmassaa\u017e (spetsiaalne stimuleeriv punktmassaa\u017e) t\u00e4iendab erilist kogemust veelgi ning m\u00f5jub nahale elustavalt, uute naharakkude tekkimist soodustavalt ja noorendavalt.<\/p>\n<h3>Sundari ilusad silmad<br \/>\n30 min 42 \u20ac<\/h3>\n<p>Luksuslik hoolitsus silma\u00fcmbruste toitmiseks ja hellitamiseks. Spetsiaalne Sund\u00e3ri poolt v\u00e4ljat\u00f6\u00f6tatud massaa\u017eitehnika l\u00f5\u00f5gastab ja stimuleerib \u00f5rna silma\u00fcmbruse piirkonda, v\u00e4hendades paistetust ja v\u00e4simust. Silmade hoolitsuses kasutatakse eriti t\u00f5husat Gotu Kola ja viirukipuu ekstraktiga silma\u00fcmbrusseerumit.<\/p>\n<hr \/>\n<p><strong>Lisainfo ja BRONEERIMINE:<\/strong> tel 440 1013, e-post <a href=\"mailto:resort.spa@spaestonia.ee\">resort.spa@spaestonia.ee<\/a>.<\/p>\n","protected":false},"excerpt":{"rendered":"<p>\u00bb Ehedad eestimaised n\u00e4ohoolitsused \u00bb Sothyse n\u00e4ohoolitsused \u00bb Sundari idamaised n\u00e4ohoolitsused EHEDAD EESTIMAISED N\u00c4O- JA&hellip;<\/p>\n","protected":false},"author":1,"featured_media":0,"parent":1787,"menu_order":0,"comment_status":"closed","ping_status":"open","template":"page-nobron_page.php","meta":{"footnotes":""},"class_list":["post-1363","page","type-page","status-publish","hentry"],"yoast_head":"<!-- This site is optimized with the Yoast SEO plugin v26.7 - https:\/\/yoast.com\/wordpress\/plugins\/seo\/ -->\n<title>N\u00e4ole ja peale - ESTONIA Resort Hotel Spa<\/title>\n<meta name=\"robots\" content=\"index, follow, max-snippet:-1, max-image-preview:large, max-video-preview:-1\" \/>\n<link rel=\"canonical\" href=\"https:\/\/spaestonia.ee\/resort\/spaahoolitsused\/naole-ja-peale\/\" \/>\n<meta property=\"og:locale\" content=\"et_EE\" \/>\n<meta property=\"og:type\" content=\"article\" \/>\n<meta property=\"og:title\" content=\"N\u00e4ole ja peale - ESTONIA Resort Hotel Spa\" \/>\n<meta property=\"og:description\" content=\"\u00bb Ehedad eestimaised n\u00e4ohoolitsused \u00bb Sothyse n\u00e4ohoolitsused \u00bb Sundari idamaised n\u00e4ohoolitsused EHEDAD EESTIMAISED N\u00c4O- JA&hellip;\" \/>\n<meta property=\"og:url\" content=\"https:\/\/spaestonia.ee\/resort\/spaahoolitsused\/naole-ja-peale\/\" \/>\n<meta property=\"og:site_name\" content=\"ESTONIA Resort Hotel Spa\" \/>\n<meta property=\"article:publisher\" content=\"https:\/\/www.facebook.com\/EstoniaResortHotel\" \/>\n<meta property=\"article:modified_time\" content=\"2026-04-13T12:45:17+00:00\" \/>\n<meta name=\"twitter:card\" content=\"summary_large_image\" \/>\n<meta name=\"twitter:label1\" content=\"Est. reading time\" \/>\n\t<meta name=\"twitter:data1\" content=\"5 minutit\" \/>\n<script type=\"application\/ld+json\" class=\"yoast-schema-graph\">{\"@context\":\"https:\/\/schema.org\",\"@graph\":[{\"@type\":\"WebPage\",\"@id\":\"https:\/\/spaestonia.ee\/resort\/spaahoolitsused\/naole-ja-peale\/\",\"url\":\"https:\/\/spaestonia.ee\/resort\/spaahoolitsused\/naole-ja-peale\/\",\"name\":\"N\u00e4ole ja peale - ESTONIA Resort Hotel Spa\",\"isPartOf\":{\"@id\":\"https:\/\/www.spaestonia.ee\/resort\/#website\"},\"datePublished\":\"2015-05-12T07:24:21+00:00\",\"dateModified\":\"2026-04-13T12:45:17+00:00\",\"breadcrumb\":{\"@id\":\"https:\/\/spaestonia.ee\/resort\/spaahoolitsused\/naole-ja-peale\/#breadcrumb\"},\"inLanguage\":\"et\",\"potentialAction\":[{\"@type\":\"ReadAction\",\"target\":[\"https:\/\/spaestonia.ee\/resort\/spaahoolitsused\/naole-ja-peale\/\"]}]},{\"@type\":\"BreadcrumbList\",\"@id\":\"https:\/\/spaestonia.ee\/resort\/spaahoolitsused\/naole-ja-peale\/#breadcrumb\",\"itemListElement\":[{\"@type\":\"ListItem\",\"position\":1,\"name\":\"Home\",\"item\":\"https:\/\/www.spaestonia.ee\/resort\/\"},{\"@type\":\"ListItem\",\"position\":2,\"name\":\"Spaahoolitsused\",\"item\":\"https:\/\/spaestonia.ee\/resort\/spaahoolitsused\/\"},{\"@type\":\"ListItem\",\"position\":3,\"name\":\"N\u00e4ole ja peale\"}]},{\"@type\":\"WebSite\",\"@id\":\"https:\/\/www.spaestonia.ee\/resort\/#website\",\"url\":\"https:\/\/www.spaestonia.ee\/resort\/\",\"name\":\"ESTONIA Resort Hotel Spa\",\"description\":\"Your destination in P\u00e4rnu for wellness and events\",\"publisher\":{\"@id\":\"https:\/\/www.spaestonia.ee\/resort\/#organization\"},\"potentialAction\":[{\"@type\":\"SearchAction\",\"target\":{\"@type\":\"EntryPoint\",\"urlTemplate\":\"https:\/\/www.spaestonia.ee\/resort\/?s={search_term_string}\"},\"query-input\":{\"@type\":\"PropertyValueSpecification\",\"valueRequired\":true,\"valueName\":\"search_term_string\"}}],\"inLanguage\":\"et\"},{\"@type\":\"Organization\",\"@id\":\"https:\/\/www.spaestonia.ee\/resort\/#organization\",\"name\":\"ESTONIA Resort Hotel Spa\",\"url\":\"https:\/\/www.spaestonia.ee\/resort\/\",\"logo\":{\"@type\":\"ImageObject\",\"inLanguage\":\"et\",\"@id\":\"https:\/\/www.spaestonia.ee\/resort\/#\/schema\/logo\/image\/\",\"url\":\"https:\/\/www.spaestonia.ee\/resort\/wp-content\/uploads\/2025\/02\/resort-hotel-estonia.png\",\"contentUrl\":\"https:\/\/www.spaestonia.ee\/resort\/wp-content\/uploads\/2025\/02\/resort-hotel-estonia.png\",\"width\":400,\"height\":173,\"caption\":\"ESTONIA Resort Hotel Spa\"},\"image\":{\"@id\":\"https:\/\/www.spaestonia.ee\/resort\/#\/schema\/logo\/image\/\"},\"sameAs\":[\"https:\/\/www.facebook.com\/EstoniaResortHotel\"]}]}<\/script>\n<!-- \/ Yoast SEO plugin. -->","yoast_head_json":{"title":"N\u00e4ole ja peale - ESTONIA Resort Hotel Spa","robots":{"index":"index","follow":"follow","max-snippet":"max-snippet:-1","max-image-preview":"max-image-preview:large","max-video-preview":"max-video-preview:-1"},"canonical":"https:\/\/spaestonia.ee\/resort\/spaahoolitsused\/naole-ja-peale\/","og_locale":"et_EE","og_type":"article","og_title":"N\u00e4ole ja peale - ESTONIA Resort Hotel Spa","og_description":"\u00bb Ehedad eestimaised n\u00e4ohoolitsused \u00bb Sothyse n\u00e4ohoolitsused \u00bb Sundari idamaised n\u00e4ohoolitsused EHEDAD EESTIMAISED N\u00c4O- JA&hellip;","og_url":"https:\/\/spaestonia.ee\/resort\/spaahoolitsused\/naole-ja-peale\/","og_site_name":"ESTONIA Resort Hotel Spa","article_publisher":"https:\/\/www.facebook.com\/EstoniaResortHotel","article_modified_time":"2026-04-13T12:45:17+00:00","twitter_card":"summary_large_image","twitter_misc":{"Est. reading time":"5 minutit"},"schema":{"@context":"https:\/\/schema.org","@graph":[{"@type":"WebPage","@id":"https:\/\/spaestonia.ee\/resort\/spaahoolitsused\/naole-ja-peale\/","url":"https:\/\/spaestonia.ee\/resort\/spaahoolitsused\/naole-ja-peale\/","name":"N\u00e4ole ja peale - ESTONIA Resort Hotel Spa","isPartOf":{"@id":"https:\/\/www.spaestonia.ee\/resort\/#website"},"datePublished":"2015-05-12T07:24:21+00:00","dateModified":"2026-04-13T12:45:17+00:00","breadcrumb":{"@id":"https:\/\/spaestonia.ee\/resort\/spaahoolitsused\/naole-ja-peale\/#breadcrumb"},"inLanguage":"et","potentialAction":[{"@type":"ReadAction","target":["https:\/\/spaestonia.ee\/resort\/spaahoolitsused\/naole-ja-peale\/"]}]},{"@type":"BreadcrumbList","@id":"https:\/\/spaestonia.ee\/resort\/spaahoolitsused\/naole-ja-peale\/#breadcrumb","itemListElement":[{"@type":"ListItem","position":1,"name":"Home","item":"https:\/\/www.spaestonia.ee\/resort\/"},{"@type":"ListItem","position":2,"name":"Spaahoolitsused","item":"https:\/\/spaestonia.ee\/resort\/spaahoolitsused\/"},{"@type":"ListItem","position":3,"name":"N\u00e4ole ja peale"}]},{"@type":"WebSite","@id":"https:\/\/www.spaestonia.ee\/resort\/#website","url":"https:\/\/www.spaestonia.ee\/resort\/","name":"ESTONIA Resort Hotel Spa","description":"Your destination in P\u00e4rnu for wellness and events","publisher":{"@id":"https:\/\/www.spaestonia.ee\/resort\/#organization"},"potentialAction":[{"@type":"SearchAction","target":{"@type":"EntryPoint","urlTemplate":"https:\/\/www.spaestonia.ee\/resort\/?s={search_term_string}"},"query-input":{"@type":"PropertyValueSpecification","valueRequired":true,"valueName":"search_term_string"}}],"inLanguage":"et"},{"@type":"Organization","@id":"https:\/\/www.spaestonia.ee\/resort\/#organization","name":"ESTONIA Resort Hotel Spa","url":"https:\/\/www.spaestonia.ee\/resort\/","logo":{"@type":"ImageObject","inLanguage":"et","@id":"https:\/\/www.spaestonia.ee\/resort\/#\/schema\/logo\/image\/","url":"https:\/\/www.spaestonia.ee\/resort\/wp-content\/uploads\/2025\/02\/resort-hotel-estonia.png","contentUrl":"https:\/\/www.spaestonia.ee\/resort\/wp-content\/uploads\/2025\/02\/resort-hotel-estonia.png","width":400,"height":173,"caption":"ESTONIA Resort Hotel Spa"},"image":{"@id":"https:\/\/www.spaestonia.ee\/resort\/#\/schema\/logo\/image\/"},"sameAs":["https:\/\/www.facebook.com\/EstoniaResortHotel"]}]}},"_links":{"self":[{"href":"https:\/\/spaestonia.ee\/resort\/wp-json\/wp\/v2\/pages\/1363","targetHints":{"allow":["GET"]}}],"collection":[{"href":"https:\/\/spaestonia.ee\/resort\/wp-json\/wp\/v2\/pages"}],"about":[{"href":"https:\/\/spaestonia.ee\/resort\/wp-json\/wp\/v2\/types\/page"}],"author":[{"embeddable":true,"href":"https:\/\/spaestonia.ee\/resort\/wp-json\/wp\/v2\/users\/1"}],"replies":[{"embeddable":true,"href":"https:\/\/spaestonia.ee\/resort\/wp-json\/wp\/v2\/comments?post=1363"}],"version-history":[{"count":51,"href":"https:\/\/spaestonia.ee\/resort\/wp-json\/wp\/v2\/pages\/1363\/revisions"}],"predecessor-version":[{"id":47250,"href":"https:\/\/spaestonia.ee\/resort\/wp-json\/wp\/v2\/pages\/1363\/revisions\/47250"}],"up":[{"embeddable":true,"href":"https:\/\/spaestonia.ee\/resort\/wp-json\/wp\/v2\/pages\/1787"}],"wp:attachment":[{"href":"https:\/\/spaestonia.ee\/resort\/wp-json\/wp\/v2\/media?parent=1363"}],"curies":[{"name":"wp","href":"https:\/\/api.w.org\/{rel}","templated":true}]}}