{"id":15395,"date":"2017-06-29T12:27:26","date_gmt":"2017-06-29T09:27:26","guid":{"rendered":"https:\/\/www.spaestonia.ee\/resort\/?page_id=15395"},"modified":"2025-07-29T15:34:56","modified_gmt":"2025-07-29T12:34:56","slug":"spa-saun-head-tavad","status":"publish","type":"page","link":"https:\/\/spaestonia.ee\/resort\/spaa-ja-saunakeskus\/spa-saun-head-tavad\/","title":{"rendered":"SPA &#038; SAUN head tavad"},"content":{"rendered":"<h3><strong>Spaakeskuse SPA &amp; SAUN head tavad ja reeglid:<\/strong><\/h3>\n<ul>\n<li>J\u00e4lgi spaakeskuse k\u00fclastusaega, selleks on<strong> 3 tundi<\/strong>.<\/li>\n<li>Ole viisakas ja arvesta teiste k\u00fclastajatega.<\/li>\n<li><strong>Palun hinda enne spaakeskuse k\u00fclastamist oma oskusi ja tervislikku seisundit.<\/strong><\/li>\n<li>SPA &amp; SAUN ei vastuta kahjude, kaotuste, vigastuste jm eest, mis on tingitud k\u00fclastaja hooletusest, hoolimatusest,\u00a0oma v\u00f5imete \u00fclehindamisest, terviseriketest\u00a0v\u00f5i k\u00e4esolevate reeglite eiramisest, sh spaakeskuse t\u00f6\u00f6tajate juhiste eiramisest.<\/li>\n<li><strong>\u00c4ra tule spaakeskusesse alkoholi- v\u00f5i narkojoobes!<\/strong> Spaakeskuse t\u00f6\u00f6tajal on \u00f5igus mitte m\u00fc\u00fca spaap\u00e4\u00e4set joobeseisundis olevale isikule.<\/li>\n<li><strong>Kuni 14-aastased (k.a) lapsed v\u00f5ivad keskust k\u00fclastada vaid koos t\u00e4iskasvanuga<\/strong>. Palun j\u00e4lgi oma laste tegevust, et nad veedaksid aega turvaliselt. T\u00e4iskasvanud vastutavad oma laste turvalisuse eest spaas viibimise ajal!<\/li>\n<li>Palun v\u00f5ta kaasa isiklik r\u00e4tik v\u00f5i r\u00e4tik hotellitoast. R\u00e4tikut on v\u00f5imalik rentida ka spaa vastuv\u00f5tus.<\/li>\n<li>Riietusruumis veendu, et sulgesid kapi ukse korralikult. Spaakeskus ei vastuta kappi j\u00e4etud asjade eest.<\/li>\n<li>Palun kanna ujumisriideid. K\u00f5ige paremini sobivad traditsioonilised ujumisriided; \u0161ortse soovitame v\u00e4ltida. Imikud ja alla 3-aastased lapsed peavad kasutama ujumism\u00e4hkmeid, mida on v\u00f5imalik osta spaa vastuv\u00f5tus.<\/li>\n<li>Enne sisenemist saunade ja basseinialale on <strong>KOHUSTUSLIK PESEMINE ilma ujumisriieteta<\/strong>.<\/li>\n<li>Spaakeskuse ja v\u00e4literassi p\u00f5randad v\u00f5ivad olla libedad. Palun liigu kiirustamata ja ole ettevaatlik ning <strong>kanna kindlasti pl\u00e4tusid<\/strong>! Pl\u00e4tusid on v\u00f5imalik soetada spaa vastuv\u00f5tus.<\/li>\n<li><strong>Oma s\u00f6\u00f6kide ja jookide<\/strong> <strong>spaakeskusesse kaasav\u00f5tmine ei ole lubatud<\/strong>! Spaabaarist on v\u00f5imalik soetada kokteile, smuutisid ja karastusjooke. Spaakeskuse t\u00f6\u00f6tajatel on \u00f5igus kaasatoodud toidud ja joogid konfiskeerida.<\/li>\n<li>Spaakeskuses tarbi piisavalt vett! Spaa-alal on kaks joogivee purskkaevu, kus saad mugavalt igal hetkel tasuta vett tarbida.<\/li>\n<li><strong>Vetteh\u00fcpped on keelatud!<\/strong><\/li>\n<li>Spaakeskuses sees ja v\u00e4literrassil on <strong>suitsetamine keelatud!<\/strong><\/li>\n<li><strong>Oma saunaviha kasutamine ei ole lubatud!<\/strong> Saunavihtasid on v\u00f5imalik osta spaa vastuv\u00f5tus ja neid v\u00f5ib kasutada ainult VIHA saunas.<\/li>\n<li>Spaakeskuses (sh saunades ja du\u0161iruumides) <strong>ei ole lubatud kasutada enda kaasav\u00f5etud mett, kehakoorijaid ja teisi m\u00e4\u00e4rivaid aineid<\/strong>.<\/li>\n<li>P\u00e4rast iga sauna k\u00fclastamist k\u00e4i du\u0161\u0161i alt l\u00e4bi enne kui l\u00e4hed basseini.<\/li>\n<li>Saunades kasuta paberist istumisaluseid, mille leiad saunade sissep\u00e4\u00e4sude juurest.<\/li>\n<li><strong>Juuste v\u00e4rvimine ja raseerimine on riietus- ja du\u0161iruumides keelatud!<\/strong><\/li>\n<li>Palun hoia oma k\u00e4epaela hoolikalt, selle kaotamisest anna kohe teada spaa administraatorile. Kaotatud k\u00e4epaela eest on kahjutasu\u00a025 \u20ac.<\/li>\n<li>Lahkudes pane kasutatud r\u00e4tikud ukse juures asuvasse t\u00fcnni ja tagasta k\u00e4epael spaa administraartorile. Hotellis majutuja tagastab k\u00e4epaela enne lahkumist hotelli vastuv\u00f5ttu.<\/li>\n<li>Suhtu heaperemehelikult ettev\u00f5tte varasse. Tahtlikult rikutud inventari eest on ettev\u00f5ttel \u00f5igus n\u00f5uda kahju korvamist t\u00e4ies ulatuses.<\/li>\n<li>Spaakeskuse t\u00f6\u00f6tajatel on \u00f5igus keskuse reeglite rikkumisel teha k\u00fclastajale vastav m\u00e4rkus ja t\u00fchistada spaap\u00e4\u00e4sme kehtivus ilma p\u00e4\u00e4set h\u00fcvitamata.<\/li>\n<li>Veekeskuses on videovalve.<\/li>\n<li>K\u00fcsimuste v\u00f5i probleemide korral p\u00f6\u00f6rdu spaa vastuv\u00f5ttu.<\/li>\n<\/ul>\n<p><strong>Soovitused:<\/strong><br \/>\n&#8211; P\u00e4rast spaakeskuse k\u00fclastamist naudi l\u00f5\u00f5gastavaid <a href=\"https:\/\/www.spaestonia.ee\/resort\/spaahoolitsused\/\">spaahoolitsusi<\/a>.<br \/>\nLisainfo saamiseks p\u00f6\u00f6rdu palun spaa vastuv\u00f5ttu.<\/p>\n<p><strong>Soovime Sulle suurep\u00e4raseid spaa- ja saunaelamusi!<\/strong><\/p>\n<p>&nbsp;<\/p>\n","protected":false},"excerpt":{"rendered":"<p>Spaakeskuse SPA &amp; SAUN head tavad ja reeglid: J\u00e4lgi spaakeskuse k\u00fclastusaega, selleks on 3 tundi.&hellip;<\/p>\n","protected":false},"author":1,"featured_media":0,"parent":351,"menu_order":0,"comment_status":"closed","ping_status":"closed","template":"","meta":{"footnotes":""},"class_list":["post-15395","page","type-page","status-publish","hentry"],"yoast_head":"<!-- This site is optimized with the Yoast SEO plugin v26.7 - https:\/\/yoast.com\/wordpress\/plugins\/seo\/ -->\n<title>SPA &amp; SAUN head tavad - ESTONIA Resort Hotel Spa<\/title>\n<meta name=\"robots\" content=\"index, follow, max-snippet:-1, max-image-preview:large, max-video-preview:-1\" \/>\n<link rel=\"canonical\" href=\"https:\/\/spaestonia.ee\/resort\/spaa-ja-saunakeskus\/spa-saun-head-tavad\/\" \/>\n<meta property=\"og:locale\" content=\"et_EE\" \/>\n<meta property=\"og:type\" content=\"article\" \/>\n<meta property=\"og:title\" content=\"SPA &amp; SAUN head tavad - ESTONIA Resort Hotel Spa\" \/>\n<meta property=\"og:description\" content=\"Spaakeskuse SPA &amp; SAUN head tavad ja reeglid: J\u00e4lgi spaakeskuse k\u00fclastusaega, selleks on 3 tundi.&hellip;\" \/>\n<meta property=\"og:url\" content=\"https:\/\/spaestonia.ee\/resort\/spaa-ja-saunakeskus\/spa-saun-head-tavad\/\" \/>\n<meta property=\"og:site_name\" content=\"ESTONIA Resort Hotel Spa\" \/>\n<meta property=\"article:publisher\" content=\"https:\/\/www.facebook.com\/EstoniaResortHotel\" \/>\n<meta property=\"article:modified_time\" content=\"2025-07-29T12:34:56+00:00\" \/>\n<meta name=\"twitter:card\" content=\"summary_large_image\" \/>\n<meta name=\"twitter:label1\" content=\"Est. reading time\" \/>\n\t<meta name=\"twitter:data1\" content=\"3 minutit\" \/>\n<script type=\"application\/ld+json\" class=\"yoast-schema-graph\">{\"@context\":\"https:\/\/schema.org\",\"@graph\":[{\"@type\":\"WebPage\",\"@id\":\"https:\/\/spaestonia.ee\/resort\/spaa-ja-saunakeskus\/spa-saun-head-tavad\/\",\"url\":\"https:\/\/spaestonia.ee\/resort\/spaa-ja-saunakeskus\/spa-saun-head-tavad\/\",\"name\":\"SPA & SAUN head tavad - ESTONIA Resort Hotel Spa\",\"isPartOf\":{\"@id\":\"https:\/\/www.spaestonia.ee\/resort\/#website\"},\"datePublished\":\"2017-06-29T09:27:26+00:00\",\"dateModified\":\"2025-07-29T12:34:56+00:00\",\"breadcrumb\":{\"@id\":\"https:\/\/spaestonia.ee\/resort\/spaa-ja-saunakeskus\/spa-saun-head-tavad\/#breadcrumb\"},\"inLanguage\":\"et\",\"potentialAction\":[{\"@type\":\"ReadAction\",\"target\":[\"https:\/\/spaestonia.ee\/resort\/spaa-ja-saunakeskus\/spa-saun-head-tavad\/\"]}]},{\"@type\":\"BreadcrumbList\",\"@id\":\"https:\/\/spaestonia.ee\/resort\/spaa-ja-saunakeskus\/spa-saun-head-tavad\/#breadcrumb\",\"itemListElement\":[{\"@type\":\"ListItem\",\"position\":1,\"name\":\"Home\",\"item\":\"https:\/\/www.spaestonia.ee\/resort\/\"},{\"@type\":\"ListItem\",\"position\":2,\"name\":\"SPA &#038; SAUN ja spaahoolitsused\",\"item\":\"https:\/\/www.spaestonia.ee\/resort\/spaa-ja-saunakeskus\/\"},{\"@type\":\"ListItem\",\"position\":3,\"name\":\"SPA &#038; SAUN head tavad\"}]},{\"@type\":\"WebSite\",\"@id\":\"https:\/\/www.spaestonia.ee\/resort\/#website\",\"url\":\"https:\/\/www.spaestonia.ee\/resort\/\",\"name\":\"ESTONIA Resort Hotel Spa\",\"description\":\"Your destination in P\u00e4rnu for wellness and events\",\"publisher\":{\"@id\":\"https:\/\/www.spaestonia.ee\/resort\/#organization\"},\"potentialAction\":[{\"@type\":\"SearchAction\",\"target\":{\"@type\":\"EntryPoint\",\"urlTemplate\":\"https:\/\/www.spaestonia.ee\/resort\/?s={search_term_string}\"},\"query-input\":{\"@type\":\"PropertyValueSpecification\",\"valueRequired\":true,\"valueName\":\"search_term_string\"}}],\"inLanguage\":\"et\"},{\"@type\":\"Organization\",\"@id\":\"https:\/\/www.spaestonia.ee\/resort\/#organization\",\"name\":\"ESTONIA Resort Hotel Spa\",\"url\":\"https:\/\/www.spaestonia.ee\/resort\/\",\"logo\":{\"@type\":\"ImageObject\",\"inLanguage\":\"et\",\"@id\":\"https:\/\/www.spaestonia.ee\/resort\/#\/schema\/logo\/image\/\",\"url\":\"https:\/\/www.spaestonia.ee\/resort\/wp-content\/uploads\/2025\/02\/resort-hotel-estonia.png\",\"contentUrl\":\"https:\/\/www.spaestonia.ee\/resort\/wp-content\/uploads\/2025\/02\/resort-hotel-estonia.png\",\"width\":400,\"height\":173,\"caption\":\"ESTONIA Resort Hotel Spa\"},\"image\":{\"@id\":\"https:\/\/www.spaestonia.ee\/resort\/#\/schema\/logo\/image\/\"},\"sameAs\":[\"https:\/\/www.facebook.com\/EstoniaResortHotel\"]}]}<\/script>\n<!-- \/ Yoast SEO plugin. -->","yoast_head_json":{"title":"SPA & SAUN head tavad - ESTONIA Resort Hotel Spa","robots":{"index":"index","follow":"follow","max-snippet":"max-snippet:-1","max-image-preview":"max-image-preview:large","max-video-preview":"max-video-preview:-1"},"canonical":"https:\/\/spaestonia.ee\/resort\/spaa-ja-saunakeskus\/spa-saun-head-tavad\/","og_locale":"et_EE","og_type":"article","og_title":"SPA & SAUN head tavad - ESTONIA Resort Hotel Spa","og_description":"Spaakeskuse SPA &amp; SAUN head tavad ja reeglid: J\u00e4lgi spaakeskuse k\u00fclastusaega, selleks on 3 tundi.&hellip;","og_url":"https:\/\/spaestonia.ee\/resort\/spaa-ja-saunakeskus\/spa-saun-head-tavad\/","og_site_name":"ESTONIA Resort Hotel Spa","article_publisher":"https:\/\/www.facebook.com\/EstoniaResortHotel","article_modified_time":"2025-07-29T12:34:56+00:00","twitter_card":"summary_large_image","twitter_misc":{"Est. reading time":"3 minutit"},"schema":{"@context":"https:\/\/schema.org","@graph":[{"@type":"WebPage","@id":"https:\/\/spaestonia.ee\/resort\/spaa-ja-saunakeskus\/spa-saun-head-tavad\/","url":"https:\/\/spaestonia.ee\/resort\/spaa-ja-saunakeskus\/spa-saun-head-tavad\/","name":"SPA & SAUN head tavad - ESTONIA Resort Hotel Spa","isPartOf":{"@id":"https:\/\/www.spaestonia.ee\/resort\/#website"},"datePublished":"2017-06-29T09:27:26+00:00","dateModified":"2025-07-29T12:34:56+00:00","breadcrumb":{"@id":"https:\/\/spaestonia.ee\/resort\/spaa-ja-saunakeskus\/spa-saun-head-tavad\/#breadcrumb"},"inLanguage":"et","potentialAction":[{"@type":"ReadAction","target":["https:\/\/spaestonia.ee\/resort\/spaa-ja-saunakeskus\/spa-saun-head-tavad\/"]}]},{"@type":"BreadcrumbList","@id":"https:\/\/spaestonia.ee\/resort\/spaa-ja-saunakeskus\/spa-saun-head-tavad\/#breadcrumb","itemListElement":[{"@type":"ListItem","position":1,"name":"Home","item":"https:\/\/www.spaestonia.ee\/resort\/"},{"@type":"ListItem","position":2,"name":"SPA &#038; SAUN ja spaahoolitsused","item":"https:\/\/www.spaestonia.ee\/resort\/spaa-ja-saunakeskus\/"},{"@type":"ListItem","position":3,"name":"SPA &#038; SAUN head tavad"}]},{"@type":"WebSite","@id":"https:\/\/www.spaestonia.ee\/resort\/#website","url":"https:\/\/www.spaestonia.ee\/resort\/","name":"ESTONIA Resort Hotel Spa","description":"Your destination in P\u00e4rnu for wellness and events","publisher":{"@id":"https:\/\/www.spaestonia.ee\/resort\/#organization"},"potentialAction":[{"@type":"SearchAction","target":{"@type":"EntryPoint","urlTemplate":"https:\/\/www.spaestonia.ee\/resort\/?s={search_term_string}"},"query-input":{"@type":"PropertyValueSpecification","valueRequired":true,"valueName":"search_term_string"}}],"inLanguage":"et"},{"@type":"Organization","@id":"https:\/\/www.spaestonia.ee\/resort\/#organization","name":"ESTONIA Resort Hotel Spa","url":"https:\/\/www.spaestonia.ee\/resort\/","logo":{"@type":"ImageObject","inLanguage":"et","@id":"https:\/\/www.spaestonia.ee\/resort\/#\/schema\/logo\/image\/","url":"https:\/\/www.spaestonia.ee\/resort\/wp-content\/uploads\/2025\/02\/resort-hotel-estonia.png","contentUrl":"https:\/\/www.spaestonia.ee\/resort\/wp-content\/uploads\/2025\/02\/resort-hotel-estonia.png","width":400,"height":173,"caption":"ESTONIA Resort Hotel Spa"},"image":{"@id":"https:\/\/www.spaestonia.ee\/resort\/#\/schema\/logo\/image\/"},"sameAs":["https:\/\/www.facebook.com\/EstoniaResortHotel"]}]}},"_links":{"self":[{"href":"https:\/\/spaestonia.ee\/resort\/wp-json\/wp\/v2\/pages\/15395","targetHints":{"allow":["GET"]}}],"collection":[{"href":"https:\/\/spaestonia.ee\/resort\/wp-json\/wp\/v2\/pages"}],"about":[{"href":"https:\/\/spaestonia.ee\/resort\/wp-json\/wp\/v2\/types\/page"}],"author":[{"embeddable":true,"href":"https:\/\/spaestonia.ee\/resort\/wp-json\/wp\/v2\/users\/1"}],"replies":[{"embeddable":true,"href":"https:\/\/spaestonia.ee\/resort\/wp-json\/wp\/v2\/comments?post=15395"}],"version-history":[{"count":18,"href":"https:\/\/spaestonia.ee\/resort\/wp-json\/wp\/v2\/pages\/15395\/revisions"}],"predecessor-version":[{"id":45080,"href":"https:\/\/spaestonia.ee\/resort\/wp-json\/wp\/v2\/pages\/15395\/revisions\/45080"}],"up":[{"embeddable":true,"href":"https:\/\/spaestonia.ee\/resort\/wp-json\/wp\/v2\/pages\/351"}],"wp:attachment":[{"href":"https:\/\/spaestonia.ee\/resort\/wp-json\/wp\/v2\/media?parent=15395"}],"curies":[{"name":"wp","href":"https:\/\/api.w.org\/{rel}","templated":true}]}}