{"id":1841,"date":"2015-05-30T15:19:13","date_gmt":"2015-05-30T12:19:13","guid":{"rendered":"https:\/\/www.spaestonia.ee\/resort\/?page_id=1841"},"modified":"2025-10-22T15:52:07","modified_gmt":"2025-10-22T12:52:07","slug":"kehahoolitsuse","status":"publish","type":"page","link":"https:\/\/spaestonia.ee\/resort\/spaahoolitsused\/kehahoolitsuse\/","title":{"rendered":"Keha- ja vannihoolitsused"},"content":{"rendered":"<h2><a id=\"eesti\"><\/a>EHEDAD EESTIMAISED KEHAHOOLITSUSED<\/h2>\n<h3>Eestimaine v\u00e4epuu kehahoolitsus<br \/>\n90 min 83 \u20ac<\/h3>\n<p>V\u00e4epuu kehahoolitsuse ajal saab klient nautida v\u00e4evihtade tervendavaid ja energiat puhastavaid m\u00f5jusid. Hoolitsus algab tervendava kuivvihtlemisega v\u00e4evihtadega. J\u00e4rgneb tugev eestip\u00e4rane soojendus-massaa\u017e l\u00e4bi riide. Kui meeled on rahunenud, siis m\u00e4\u00e4ritakse keha sisse kanepi-porgandi\u00f5liga. Koorimiskindaga tehtud suured ja laiad liigutused tekitavad \u00fclimalt m\u00f5nusa tunde. T\u00e4nu eelnevale \u00f5litamisele ja toitmisele ei kahjusta koorimine nahka, vaid eemaldab ainult surnud rakud ja j\u00e4tab naha siidiselt pehmeks.<\/p>\n<p>Porgandijuur on tuntud kui beetakaroteeni ja B-vitamiini allikana. Kanepi\u00f5li pehmendab ja niisutab nahka ning leevendab ka allergilisi nahareaktsioone. L\u00f5petuseks, et hoolitsus oleks t\u00e4iuslik, \u00e4ratatakse keha kerge kiigutamisega pealaest jalatallani.<\/p>\n<h3>Mudamassaa\u017e m\u00e4hisega<br \/>\n60 min 67 \u20ac<\/h3>\n<p>Ravimudaga massaa\u017e ja sellele j\u00e4rgnev mudam\u00e4his annavad koosm\u00f5juna suurep\u00e4rase tulemuse. Tagab naha intensiivse niisutuse\u00a0 ja uuenemise, \u00a0soodustab kaalukadu ja t\u00f5stab toonust. Samuti on mudam\u00e4his t\u00f5hus lihasluukonna- ja liigeste vaeguste ning radikuliidi leevenduseks.<\/p>\n<p>Hoolitsus algab l\u00f5\u00f5gastava mudamassaa\u017eiga \u00fcle terve keha. Soe ja kreemja konsistentsiga muda l\u00f5dvestab lihaspingeid ning toimib samaaegselt ka koorijana. Massaa\u017ei abil valmistatakse nahk ette maski toimeainete paremaks m\u00f5jumiseks. Muda aitab leevendada nahaprobleeme ning annab sileda ja noorusliku jume. K\u00e4ina lahest p\u00e4rinev Hiiumaa muda on Eesti ravimudadest k\u00f5ige kvaliteetsem \u2013 k\u00f5ige puhtam, mineraaliderohkem ja aluselisem.\u00a0Hoolitsuse l\u00f5ppedes on nahk siidjalt pehme.<\/p>\n<h3>Mudam\u00e4his<br \/>\n30 min 42 \u20ac<\/h3>\n<p>Eestist p\u00e4rit K\u00e4ina lahe ravimudam\u00e4his toimib kehale naha puhastajana, on ainevahetust kiirendava ja j\u00e4\u00e4kaineid eemaldava toimega. Lisaks on mudal p\u00f5letikke raviv ja valusid leevendav toime, samas annab mudahoolitsus m\u00f5nusalt l\u00f5\u00f5gastunud ja hea enesetunde.<br \/>\nMudam\u00e4hist ei ole soovitatav teha rasedatele ja haiguste \u00e4gedas faasis.<\/p>\n<h3>Turba ja mee kehahoolitsus<br \/>\n30 min 42 \u20ac<br \/>\n90 min 75 \u20ac<\/h3>\n<p>Mett on laialdaselt kasutatud ja k\u00f5rgelt hinnatud juba 2500 aastat. Eestis hakati mesindusega tegelema muinasajal.<\/p>\n<p>Turba ja mee kehahoolitsuse ajal kaetakse kliendi keha turba ja mee m\u00e4hisega. Turvas viib organismist v\u00e4lja kahjulikke j\u00e4\u00e4kaineid. Mesi toniseerib ja ravib, transportides raviturba s\u00fcgavamale nahapinda ja tehes m\u00e4hisest t\u00f5husa tselluliidiga v\u00f5itleva hoolitsuse. Lisaks parandab keham\u00e4his vereringet ning rikastab organismi kasulike bioaktiivsete toimeainetega, andes nahale tervisest pakatava ilme ning siidja pehmuse. Keham\u00e4hisel on ka tuntav l\u00f5\u00f5gastav toime ning uni maitseb p\u00e4rast hoolitsust eriti magusalt.<\/p>\n<p>90 minutiline hoolitsus sisaldab lisaks kogu keha massaa\u017ei mee\u00f5liga.<\/p>\n<h3>Kanepi kehahoolitsus<br \/>\n15 min 30 \u20ac<\/h3>\n<p>Kanepi kehahoolitsuse k\u00e4igus eemaldatakse kehalt surnud naharakud. T\u00e4nu kanepiseemnetes leiduvatele vitamiinidele ja \u00f5lidele sobib hoolitsus h\u00e4sti naha niisutamiseks. Kanepi\u00f5li\u00a0 aitab l\u00f5\u00f5gastuda, hoida naha kaitsefunktsiooni, v\u00e4hendab s\u00fcgelust ning pidurdab naha vananemisprotsessi.<\/p>\n<h3>Pihlaka hoolitsus massaa\u017eiga<br \/>\n90 min 83 \u20ac<\/h3>\n<p>Pihlakas on v\u00f5imas puu, mille oksi, lehti ja marju kasutatakse erinevates kaitse- ja armastusrituaalides. Eestlastele on pihlakas olnud visaduse ja sitkuse v\u00f5rdkuju. Pihlakal olevat isegi v\u00f5ime vanureid uuesti nooreks muuta. P\u00e4rimustekstide kohaselt on pihlakamarjadest abi otsitud esmajoones p\u00f5letike ja reuma leevendamisel.<\/p>\n<p>Pihlakamarjad on toimelt \u00fcldtugevdavad ja p\u00f5letikuvastased, neil on tugev antioks\u00fcdatiivne toime, nad puhastavad organismi paljudest j\u00e4\u00e4k- ja saasteainetest ning ergutavad ainevahetust.<\/p>\n<p>Pihlaka hoolitsus algab l\u00f5\u00f5gastava ja pingeid maandava massaa\u017eiga, seej\u00e4rel puhastatakse kogu keha pihlaka koorijaga, mille tulemuseks on siidpehme nahk.<\/p>\n<h3>Piimavann mee ja lavendliga<br \/>\n30 min 35 \u20ac \u00fchele, 45 \u20ac kahele<\/h3>\n<p>Piimavann on olnud sajandeid kiireim ja kergeim v\u00f5imalus niisutada ja toita oma nahka. Piimavannil on unikaalne, eriti pehmelt kooriv toime. Eemaldades surnud naharakud, tundub nahk v\u00e4rskem ja noorem. Samuti on piimavannil toitev ja niisutav efekt kuivale nahale. Sisaldab rikkalikult vitamiine, eriti vitamiin E ja tsinki, mis aeglustavad vananemisprotsessi ja muudavad naha elastsemaks. Vannis sisalduval lavendlil on rahustav m\u00f5ju, lisatud vaniljeekstrakt tasakaalustab meeli, lisab seksuaalsust ja mesi on \u00fclikasulik tervisttugevdav ja aktiivset elu pikendav vahend. Peale vanni on nahk justkui uuesti s\u00fcndinud!<\/p>\n<h3>Magneesiumi ja kodu\u00f5lle vannihoolitsus<br \/>\n30 min 38 \u20ac \u00fchele, 48 \u20ac kahele<\/h3>\n<p>Magneesium on \u00fcks t\u00e4htsamaid mineraalained, mida meie organism normaalseks funktsioneerimiseks vajab. Eriti h\u00e4sti omandab keha magneesiumi l\u00e4bi naha soojas vannivees. Magneesiumi vannihoolitsus sobib h\u00e4sti magneesiumi puuduse ennetamiseks ja leevendamiseks. Kodu\u00f5llel on t\u00e4nu humalale palju h\u00e4id ja tervislikke omadusi, mis on kasulikud nahale, liigestele ja n\u00e4rvis\u00fcsteemile. Humal sisaldab B6 r\u00fchma vitamiine, seega tugeva rahustava toimega. Magneesiumi ja kodu\u00f5lle vann leevendab pingeid, v\u00e4rskendab ja annab uut energiat. Peale vanni ja keha kreemitamist rahustava ja niisutava kodu\u00f5lle massaa\u017eilosjooniga j\u00e4\u00e4b nahk eriti pehme ja enesetunne m\u00f5nus.<\/p>\n<h3>Vesimassaa\u017e magneesiumivannis<br \/>\n30 min 45 \u20ac<\/h3>\n<p>Kogu kehale veesurve abil tehtav massaa\u017e magneesiumiga rikastatud vees. Magneesium on \u00fcks t\u00e4htsamaid mineraalained, mida organism normaalseks funktsioneerimiseks vajab. Eriti h\u00e4sti omandab keha magneesiumi l\u00e4bi naha soojas vannivees<\/p>\n<h3>Hobukastani ja t\u0161illipipra tselluliidi kehahoolitsus<br \/>\n60 min 65 \u20ac<\/h3>\n<p>T\u00f5eliselt t\u00f5hus hoolitsus, mis pakub lahendust probleemsetele kehapiirkondadele, on toeks kaalu langetamisel ja <em>detox <\/em>kuuri ajal.<\/p>\n<p>Hoolitsus algab veealuse du\u0161\u0161massaa\u017eiga. Tugevatoimeline massaa\u017e ergutab vereringet ja kudede ainevahetust, v\u00e4ljutab organismist vedelikku ja toksilisi aineid. \u00dchtlasi l\u00f5\u00f5gastab, rahustab meeli ja v\u00e4hendab pingeid.<br \/>\nVannis ettevalmistatud nahale kantakse tselluliiti v\u00e4hendav skulptureeriv mask, mis sisaldab suurel hulgal erinevaid kasulikke aineid. L-karnitiini, mida kasutatakse kaalu langetamiseks ja organismist liigse vedeliku v\u00e4ljutamiseks. Hobukastan lagundab rasvu, muudab naha kauniks ja elastseks. Pipar, klorof\u00fcll ja vitamiinid stimuleerivad kudede verevarustust, tugevdavad nahka ja on imelised antioks\u00fcdandid. Probleemsetele piirkondadele kantav maski m\u00f5ju on koheselt tuntav &#8211; nahk muutub m\u00f5nusalt soojaks ja s\u00e4risevaks.<\/p>\n<p>Hoolitsuse erilist kogemust t\u00e4iendab massaa\u017e n\u00e4ole, mis paneb unustama k\u00f5ik oma igap\u00e4eva mured ja m\u00f5tted. Lisaks l\u00f5\u00f5gastavale toimele m\u00f5jub nahale elustavalt ja noorendavalt.<\/p>\n<p>Maskile j\u00e4rgneb ergutav massaa\u017e probleemsetele piirkondadele. Mask imendub naha sisse ja toimib veel kuni 4 tundi. Et hoolitsusest maksimum v\u00f5tta, ei tasuks du\u0161\u0161i alla minekuga kiirustada!<\/p>\n<h3>Kanepivann kehahoolitsusega<br \/>\n50 min 57 \u20ac<\/h3>\n<p>Kanep on \u00fcks iidseimaid taimi, mida on sajandeid kasvatatud vastupidava kiu ja \u00f5lirikaste seemnete saamiseks. Kanepi v\u00e4lispidisel kasutamisel on vananemisvastane toime. T\u00e4nu kanepiseemnetes leiduvatele vitamiinidele ja \u00f5lidele sobib h\u00e4sti naha niisutamiseks ja t\u00e4nu omega3 rasvhapete hulgale on v\u00e4ga tugev looduslik rasvap\u00f5letaja. Leevendab ka sportimise tagaj\u00e4rjel tekkinud lihaspingeid.<\/p>\n<p>Kanepi\u2013meresoola vann pehmendab keha, kanepi kehakoorija eemaldab surnud naharakud, keham\u00e4his toidab ja turgutab nahka ning kiirendab ainevahetust.<\/p>\n<h3>Rohelise tee l\u00f5\u00f5gastav ja puhastav hoolitsus<br \/>\n45 min 55 \u20ac<\/h3>\n<p>Rohelise tee hoolitsus aitab kehal vabaneda j\u00e4\u00e4kainetest ning viib harmoonilisse meelte rahuseisundisse, v\u00e4hendab stressi ja vaimset v\u00e4simust. Hoolitsuses kasutatakse looduslikku rohelise tee \u00f5li, mis sobib k\u00f5igile nahat\u00fc\u00fcpidele.<\/p>\n<p>Roheline tee on rikkalik antioks\u00fcdantide poolest ning sisaldab ainevahetust kiirendavaid ja rasvap\u00f5letust soodustavaid \u00fchendeid. Tulemuseks on pringim, toidetud ja siidiselt sile nahk. Lisaks on rohelisel teel taastav ja p\u00f5letikuvastane toime.<\/p>\n<p>Hoolitsuse etapid:<\/p>\n<ul>\n<li>Pingetest vabastav sissejuhatus \u2013 mass\u00f6\u00f6r soojendab lihaseid ja leevendab pingeid l\u00e4bi r\u00e4tiku tehtavate s\u00f5tkuvate vajutuste.<\/li>\n<li>L\u00f5\u00f5gastav massaa\u017e \u2013 kogu kehale kantakse etappide kaupa ringjate ja libistavate massaa\u017eiv\u00f5tetega rohelise tee \u00f5li, keskendudes eriti turja- ja \u00f5lav\u00f6\u00f6tmele, kuhu pinged ja stress k\u00f5ige sagedamini koguneb.<\/li>\n<li>Nahka puhastav koorimine \u2013 \u00f5rn kindaga koorimine eemaldab surnud naharakud, puhastab poorid, ergutab vereringet ja aktiveerib ainevahetust.<\/li>\n<li>Hoolitsuse l\u00f5ppakord \u2013 pehmete, l\u00f5\u00f5gastavate liigutustega kerge massaa\u017e dekolteele ja n\u00e4ole, et hoolitsus l\u00f5peks t\u00e4ieliku heaolutundega.<\/li>\n<\/ul>\n<p>P\u00e4rast hoolitsust v\u00f5ta hetk enda jaoks ja naudi tervendavat taimeteed puhkealal.<\/p>\n<h3>\u00dcrdivann t\u00e4iusliku kehahoolitsusega<br \/>\n90 minutit 89 \u20ac<\/h3>\n<p>Hoolitsus algab keha tervituse ja jalgade koorimisega \u2013 iidne tava, millega avaldatakse t\u00e4nu jalgadele, et nad meid iga p\u00e4ev kannavad ja edasi viivad. See loob rahuliku meeleolu ja valmistab keha ette s\u00fcgavaks l\u00f5\u00f5gastuseks.<\/p>\n<p>J\u00e4rgneb kogu keha klassikaline massaa\u017e, mis leevendab v\u00e4simust ja lihaspingeid, parandab verevarustust ja l\u00fcmfiringet ning toob kehasse kerguse ja tasakaalu. Massaa\u017eile j\u00e4rgneb \u00f5rn kehakoorimine roosikoorijaga, mis puhastab ja toniseerib naha, muutes selle siidiselt siledaks. Seej\u00e4rel ootab soe \u00fcrdivann \u2013 k\u00fcmme rahulikku minutit ravimtaimede l\u00f5hnade ja linnulaulu saatel, mil keha ja meel saavad t\u00e4ielikult puhata.<\/p>\n<p>Hoolitsuse l\u00f5petuseks kantakse nahale rahustav roosikehapalsam, mis toidab ja niisutab ning j\u00e4tab kehasse tunde kergusest ja sisemisest rahust.<\/p>\n<hr \/>\n<p><strong>Lisainfo ja broneerimine:<\/strong> tel 440 1013, e-post <a href=\"mailto:resort.spa@spaestonia.ee\">resort.spa@spaestonia.ee<\/a>.<\/p>\n","protected":false},"excerpt":{"rendered":"<p>EHEDAD EESTIMAISED KEHAHOOLITSUSED Eestimaine v\u00e4epuu kehahoolitsus 90 min 83 \u20ac V\u00e4epuu kehahoolitsuse ajal saab klient&hellip;<\/p>\n","protected":false},"author":1,"featured_media":0,"parent":1787,"menu_order":0,"comment_status":"closed","ping_status":"open","template":"page-nobron_page.php","meta":{"footnotes":""},"class_list":["post-1841","page","type-page","status-publish","hentry"],"yoast_head":"<!-- This site is optimized with the Yoast SEO plugin v26.7 - https:\/\/yoast.com\/wordpress\/plugins\/seo\/ -->\n<title>Keha- ja vannihoolitsused - ESTONIA Resort Hotel Spa<\/title>\n<meta name=\"robots\" content=\"index, follow, max-snippet:-1, max-image-preview:large, max-video-preview:-1\" \/>\n<link rel=\"canonical\" href=\"https:\/\/spaestonia.ee\/resort\/spaahoolitsused\/kehahoolitsuse\/\" \/>\n<meta property=\"og:locale\" content=\"et_EE\" \/>\n<meta property=\"og:type\" content=\"article\" \/>\n<meta property=\"og:title\" content=\"Keha- ja vannihoolitsused - ESTONIA Resort Hotel Spa\" \/>\n<meta property=\"og:description\" content=\"EHEDAD EESTIMAISED KEHAHOOLITSUSED Eestimaine v\u00e4epuu kehahoolitsus 90 min 83 \u20ac V\u00e4epuu kehahoolitsuse ajal saab klient&hellip;\" \/>\n<meta property=\"og:url\" content=\"https:\/\/spaestonia.ee\/resort\/spaahoolitsused\/kehahoolitsuse\/\" \/>\n<meta property=\"og:site_name\" content=\"ESTONIA Resort Hotel Spa\" \/>\n<meta property=\"article:publisher\" content=\"https:\/\/www.facebook.com\/EstoniaResortHotel\" \/>\n<meta property=\"article:modified_time\" content=\"2025-10-22T12:52:07+00:00\" \/>\n<meta name=\"twitter:card\" content=\"summary_large_image\" \/>\n<meta name=\"twitter:label1\" content=\"Est. reading time\" \/>\n\t<meta name=\"twitter:data1\" content=\"7 minutit\" \/>\n<script type=\"application\/ld+json\" class=\"yoast-schema-graph\">{\"@context\":\"https:\/\/schema.org\",\"@graph\":[{\"@type\":\"WebPage\",\"@id\":\"https:\/\/spaestonia.ee\/resort\/spaahoolitsused\/kehahoolitsuse\/\",\"url\":\"https:\/\/spaestonia.ee\/resort\/spaahoolitsused\/kehahoolitsuse\/\",\"name\":\"Keha- ja vannihoolitsused - ESTONIA Resort Hotel Spa\",\"isPartOf\":{\"@id\":\"https:\/\/www.spaestonia.ee\/resort\/#website\"},\"datePublished\":\"2015-05-30T12:19:13+00:00\",\"dateModified\":\"2025-10-22T12:52:07+00:00\",\"breadcrumb\":{\"@id\":\"https:\/\/spaestonia.ee\/resort\/spaahoolitsused\/kehahoolitsuse\/#breadcrumb\"},\"inLanguage\":\"et\",\"potentialAction\":[{\"@type\":\"ReadAction\",\"target\":[\"https:\/\/spaestonia.ee\/resort\/spaahoolitsused\/kehahoolitsuse\/\"]}]},{\"@type\":\"BreadcrumbList\",\"@id\":\"https:\/\/spaestonia.ee\/resort\/spaahoolitsused\/kehahoolitsuse\/#breadcrumb\",\"itemListElement\":[{\"@type\":\"ListItem\",\"position\":1,\"name\":\"Home\",\"item\":\"https:\/\/www.spaestonia.ee\/resort\/\"},{\"@type\":\"ListItem\",\"position\":2,\"name\":\"Spaahoolitsused\",\"item\":\"https:\/\/spaestonia.ee\/resort\/spaahoolitsused\/\"},{\"@type\":\"ListItem\",\"position\":3,\"name\":\"Keha- ja vannihoolitsused\"}]},{\"@type\":\"WebSite\",\"@id\":\"https:\/\/www.spaestonia.ee\/resort\/#website\",\"url\":\"https:\/\/www.spaestonia.ee\/resort\/\",\"name\":\"ESTONIA Resort Hotel Spa\",\"description\":\"Your destination in P\u00e4rnu for wellness and events\",\"publisher\":{\"@id\":\"https:\/\/www.spaestonia.ee\/resort\/#organization\"},\"potentialAction\":[{\"@type\":\"SearchAction\",\"target\":{\"@type\":\"EntryPoint\",\"urlTemplate\":\"https:\/\/www.spaestonia.ee\/resort\/?s={search_term_string}\"},\"query-input\":{\"@type\":\"PropertyValueSpecification\",\"valueRequired\":true,\"valueName\":\"search_term_string\"}}],\"inLanguage\":\"et\"},{\"@type\":\"Organization\",\"@id\":\"https:\/\/www.spaestonia.ee\/resort\/#organization\",\"name\":\"ESTONIA Resort Hotel Spa\",\"url\":\"https:\/\/www.spaestonia.ee\/resort\/\",\"logo\":{\"@type\":\"ImageObject\",\"inLanguage\":\"et\",\"@id\":\"https:\/\/www.spaestonia.ee\/resort\/#\/schema\/logo\/image\/\",\"url\":\"https:\/\/www.spaestonia.ee\/resort\/wp-content\/uploads\/2025\/02\/resort-hotel-estonia.png\",\"contentUrl\":\"https:\/\/www.spaestonia.ee\/resort\/wp-content\/uploads\/2025\/02\/resort-hotel-estonia.png\",\"width\":400,\"height\":173,\"caption\":\"ESTONIA Resort Hotel Spa\"},\"image\":{\"@id\":\"https:\/\/www.spaestonia.ee\/resort\/#\/schema\/logo\/image\/\"},\"sameAs\":[\"https:\/\/www.facebook.com\/EstoniaResortHotel\"]}]}<\/script>\n<!-- \/ Yoast SEO plugin. -->","yoast_head_json":{"title":"Keha- ja vannihoolitsused - ESTONIA Resort Hotel Spa","robots":{"index":"index","follow":"follow","max-snippet":"max-snippet:-1","max-image-preview":"max-image-preview:large","max-video-preview":"max-video-preview:-1"},"canonical":"https:\/\/spaestonia.ee\/resort\/spaahoolitsused\/kehahoolitsuse\/","og_locale":"et_EE","og_type":"article","og_title":"Keha- ja vannihoolitsused - ESTONIA Resort Hotel Spa","og_description":"EHEDAD EESTIMAISED KEHAHOOLITSUSED Eestimaine v\u00e4epuu kehahoolitsus 90 min 83 \u20ac V\u00e4epuu kehahoolitsuse ajal saab klient&hellip;","og_url":"https:\/\/spaestonia.ee\/resort\/spaahoolitsused\/kehahoolitsuse\/","og_site_name":"ESTONIA Resort Hotel Spa","article_publisher":"https:\/\/www.facebook.com\/EstoniaResortHotel","article_modified_time":"2025-10-22T12:52:07+00:00","twitter_card":"summary_large_image","twitter_misc":{"Est. reading time":"7 minutit"},"schema":{"@context":"https:\/\/schema.org","@graph":[{"@type":"WebPage","@id":"https:\/\/spaestonia.ee\/resort\/spaahoolitsused\/kehahoolitsuse\/","url":"https:\/\/spaestonia.ee\/resort\/spaahoolitsused\/kehahoolitsuse\/","name":"Keha- ja vannihoolitsused - ESTONIA Resort Hotel Spa","isPartOf":{"@id":"https:\/\/www.spaestonia.ee\/resort\/#website"},"datePublished":"2015-05-30T12:19:13+00:00","dateModified":"2025-10-22T12:52:07+00:00","breadcrumb":{"@id":"https:\/\/spaestonia.ee\/resort\/spaahoolitsused\/kehahoolitsuse\/#breadcrumb"},"inLanguage":"et","potentialAction":[{"@type":"ReadAction","target":["https:\/\/spaestonia.ee\/resort\/spaahoolitsused\/kehahoolitsuse\/"]}]},{"@type":"BreadcrumbList","@id":"https:\/\/spaestonia.ee\/resort\/spaahoolitsused\/kehahoolitsuse\/#breadcrumb","itemListElement":[{"@type":"ListItem","position":1,"name":"Home","item":"https:\/\/www.spaestonia.ee\/resort\/"},{"@type":"ListItem","position":2,"name":"Spaahoolitsused","item":"https:\/\/spaestonia.ee\/resort\/spaahoolitsused\/"},{"@type":"ListItem","position":3,"name":"Keha- ja vannihoolitsused"}]},{"@type":"WebSite","@id":"https:\/\/www.spaestonia.ee\/resort\/#website","url":"https:\/\/www.spaestonia.ee\/resort\/","name":"ESTONIA Resort Hotel Spa","description":"Your destination in P\u00e4rnu for wellness and events","publisher":{"@id":"https:\/\/www.spaestonia.ee\/resort\/#organization"},"potentialAction":[{"@type":"SearchAction","target":{"@type":"EntryPoint","urlTemplate":"https:\/\/www.spaestonia.ee\/resort\/?s={search_term_string}"},"query-input":{"@type":"PropertyValueSpecification","valueRequired":true,"valueName":"search_term_string"}}],"inLanguage":"et"},{"@type":"Organization","@id":"https:\/\/www.spaestonia.ee\/resort\/#organization","name":"ESTONIA Resort Hotel Spa","url":"https:\/\/www.spaestonia.ee\/resort\/","logo":{"@type":"ImageObject","inLanguage":"et","@id":"https:\/\/www.spaestonia.ee\/resort\/#\/schema\/logo\/image\/","url":"https:\/\/www.spaestonia.ee\/resort\/wp-content\/uploads\/2025\/02\/resort-hotel-estonia.png","contentUrl":"https:\/\/www.spaestonia.ee\/resort\/wp-content\/uploads\/2025\/02\/resort-hotel-estonia.png","width":400,"height":173,"caption":"ESTONIA Resort Hotel Spa"},"image":{"@id":"https:\/\/www.spaestonia.ee\/resort\/#\/schema\/logo\/image\/"},"sameAs":["https:\/\/www.facebook.com\/EstoniaResortHotel"]}]}},"_links":{"self":[{"href":"https:\/\/spaestonia.ee\/resort\/wp-json\/wp\/v2\/pages\/1841","targetHints":{"allow":["GET"]}}],"collection":[{"href":"https:\/\/spaestonia.ee\/resort\/wp-json\/wp\/v2\/pages"}],"about":[{"href":"https:\/\/spaestonia.ee\/resort\/wp-json\/wp\/v2\/types\/page"}],"author":[{"embeddable":true,"href":"https:\/\/spaestonia.ee\/resort\/wp-json\/wp\/v2\/users\/1"}],"replies":[{"embeddable":true,"href":"https:\/\/spaestonia.ee\/resort\/wp-json\/wp\/v2\/comments?post=1841"}],"version-history":[{"count":97,"href":"https:\/\/spaestonia.ee\/resort\/wp-json\/wp\/v2\/pages\/1841\/revisions"}],"predecessor-version":[{"id":45518,"href":"https:\/\/spaestonia.ee\/resort\/wp-json\/wp\/v2\/pages\/1841\/revisions\/45518"}],"up":[{"embeddable":true,"href":"https:\/\/spaestonia.ee\/resort\/wp-json\/wp\/v2\/pages\/1787"}],"wp:attachment":[{"href":"https:\/\/spaestonia.ee\/resort\/wp-json\/wp\/v2\/media?parent=1841"}],"curies":[{"name":"wp","href":"https:\/\/api.w.org\/{rel}","templated":true}]}}