{"id":1963,"date":"2015-06-02T08:35:33","date_gmt":"2015-06-02T05:35:33","guid":{"rendered":"https:\/\/www.spaestonia.ee\/resort\/?page_id=1963"},"modified":"2025-06-06T11:48:19","modified_gmt":"2025-06-06T08:48:19","slug":"spaahoolitsuste-paketid","status":"publish","type":"page","link":"https:\/\/spaestonia.ee\/resort\/spaahoolitsused\/spaahoolitsuste-paketid\/","title":{"rendered":"Spaahoolitsuste PAKETID"},"content":{"rendered":"<h2>Eestimaine p\u00e4evaspaa 1<\/h2>\n<ul>\n<li>\n<h3>Lavendli-piimavann meega\u00a0<a href=\"https:\/\/www.spaestonia.ee\/resort\/wp-content\/uploads\/2016\/04\/emadepaevspaas450x300.jpg\" data-rel=\"lightbox-image-0\" data-rl_title=\"\" data-rl_caption=\"\" title=\"\"><img loading=\"lazy\" decoding=\"async\" class=\"alignright size-full wp-image-7974\" src=\"https:\/\/www.spaestonia.ee\/resort\/wp-content\/uploads\/2016\/04\/emadepaevspaas450x300.jpg\" alt=\"emadepaevspaas450x300\" width=\"450\" height=\"300\" srcset=\"https:\/\/spaestonia.ee\/resort\/wp-content\/uploads\/2016\/04\/emadepaevspaas450x300.jpg 450w, https:\/\/spaestonia.ee\/resort\/wp-content\/uploads\/2016\/04\/emadepaevspaas450x300-300x200.jpg 300w\" sizes=\"auto, (max-width: 450px) 100vw, 450px\" \/><\/a><\/h3>\n<p>Piimavann on efektiivseim v\u00f5imalus niisutada ja toita oma nahka. Eemaldades surnud naharakud, tundub nahk v\u00e4rskem ja noorem. Sisaldab rikkalikult E-vitamiini ja tsinki, mis aeglustavad vananemisprotsessi ja muudavad naha elastsemaks. Lavendel ja vanilje rahustavad ja tasakaalustavad meeli. Kestvus 30 min<\/li>\n<li>\n<h3>Mesilasvaha k\u00e4tehoolitsus koos \u00f5lgade mudimisega<\/h3>\n<p>Mesilasvaha parafiini m\u00e4his k\u00e4tele 15 min, m\u00e4hise toimimise ajal tehakse \u00f5lgade ja kaelasoonte mudimine l\u00e4bi riiete. Hoolitsuse l\u00f5petuseks kerge k\u00e4temassaa\u017e nahale j\u00e4\u00e4nud lina\u00f5liga. Kestvus 30 min<\/li>\n<li>\n<h3>V\u00e4ge andev taimekubu massaa\u017e<\/h3>\n<p>Kogukeha massaa\u017e soojendatud taimekubudega kombineeritud vana-Eesti massaa\u017ei v\u00f5tetega. Kestvus 60 min<\/li>\n<\/ul>\n<p>Hind: 131 \u20ac<\/p>\n<h2>Eestimaine p\u00e4evaspaa 2<\/h2>\n<ul>\n<li>\n<h3>Rukkilille jalahoolitsus pedik\u00fc\u00fcriga<strong><br \/>\n<\/strong><\/h3>\n<p>Luksuslik jalahoolitsus algab rukkilille jalavanniga, j\u00e4rgneb koorimine meresoola-n\u00f5gese\u00fcrdi seguga, pedik\u00fc\u00fcr ja jalamassaa\u017e mee-lina\u00f5liga ning m\u00e4his. Kestvus 90 min<\/li>\n<li>\n<h3>Saialille k\u00e4tehoolitsus mesilasvaha m\u00e4hise ja manik\u00fc\u00fcriga<\/h3>\n<p>Luksuslik k\u00e4tehoolitsus algab magneesiumi-saialille k\u00e4tevanniga, j\u00e4rgneb manik\u00fc\u00fcr ja k\u00fc\u00fcnte toitmine mesilasvaha-lina\u00f5li salviga. Hoolitsuse l\u00f5petab mesilasvaha parafiini m\u00e4his k\u00e4tele. Kestvus 60 min<\/li>\n<li>\n<h3>Eestimaine v\u00e4epuu kehahoolitsus<strong><br \/>\n<\/strong><\/h3>\n<p>Kuivvihtlemine v\u00e4evihaga vereringe ergutamiseks ja tugev eestimaine soojendav massaa\u017e l\u00e4bi linase riide, j\u00e4rgneb kanepi-porgandi\u00f5liga massaa\u017e ja kinnastega koorimine. Hoolitsus l\u00f5peb l\u00f5\u00f5gastava peamassaa\u017eiga. Kestvus 90 min<\/li>\n<\/ul>\n<p>Hind: 185 \u20ac<\/p>\n<h2>Eestimaine p\u00e4evaspaa 3, meestele<\/h2>\n<ul>\n<li>\n<h3>Magneesiumi ja kodu\u00f5lle vann<strong><br \/>\n<\/strong><\/h3>\n<p>Magneesium on \u00fcks t\u00e4htsamaid mineraalained, mida meie organism normaalseks funktsioneerimiseks vajab. Eriti h\u00e4sti omandab keha magneesiumi l\u00e4bi naha soojas vannivees. \u00d5lles sisalduvad B-r\u00fchma vitamiinid on kasulikud nahale ja n\u00e4rvis\u00fcsteemile. Kodu\u00f5lle vann leevendab pingeid, v\u00e4rskendab ja annab uut energiat. Peale vanni j\u00e4\u00e4b nahk pehme ja enesetunne m\u00f5nus. Kestvus 30 min<\/li>\n<li>\n<h3>Kanepi\u00f5li massaa\u017e<\/h3>\n<p>L\u00f5\u00f5gastav massaa\u017e kogu kehale kanepi\u00f5liga. Kanep on \u00fcks iidsemaid taimi, mida on sajandeid kasvatatud vastupidava kiu- ja \u00f5lirikaste seemnete saamiseks. Kanepi v\u00e4lispidisel kasutamisel on vananemisvastane toime. T\u00e4nu kanepiseemnetes leiduvatele vitamiinidele ja \u00f5lidele sobib h\u00e4sti naha niisutamiseks ja t\u00e4nu omega3 rasvhapete hulgale on v\u00e4ga tugev looduslik rasvap\u00f5letaja. Leevendab ka sportimise tagaj\u00e4rjel tekkinud lihaspingeid.<\/li>\n<li>\n<h3>Rukkilille jalahoolitsus pedik\u00fc\u00fcriga<strong><br \/>\n<\/strong><\/h3>\n<p>Luksuslik jalahoolitsus algab rukkilille jalavanniga, j\u00e4rgneb koorimine meresoola-n\u00f5gese\u00fcrdi seguga, pedik\u00fc\u00fcr ja jalamassaa\u017e mee-lina\u00f5liga ning m\u00e4his. Kestvus 90 min<\/li>\n<\/ul>\n<p>Hind: 151 \u20ac<\/p>\n<hr \/>\n<h2>Lisainfo:<\/h2>\n<p><strong>&#8211; <\/strong>Spaahoolitsuste paketid kehtivad nii ilma majutuseta kui ka koos majutusega klientidele.<br \/>\nMajutus lisatasu eest vastavalt kehtivale hinnakirjale.<br \/>\n&#8211; Majutusega klient v\u00f5ib paketis sisalduvaid hoolitsusi kasutada kogu hotellis<br \/>\nviibimise aja jooksul.<br \/>\n&#8211; Hoolitsuste arv igaks p\u00e4evaks piiratud.<\/p>\n<p><strong>Lisainfo ja broneerimine:<\/strong> tel +372 440 1013, e-post <a href=\"mailto:resort.spa@spaestonia.ee\">resort.spa@spaestonia.ee<\/a>.<\/p>\n","protected":false},"excerpt":{"rendered":"<p>Eestimaine p\u00e4evaspaa 1 Lavendli-piimavann meega\u00a0 Piimavann on efektiivseim v\u00f5imalus niisutada ja toita oma nahka. Eemaldades&hellip;<\/p>\n","protected":false},"author":1,"featured_media":0,"parent":1787,"menu_order":0,"comment_status":"closed","ping_status":"open","template":"page-nobron_page.php","meta":{"footnotes":""},"class_list":["post-1963","page","type-page","status-publish","hentry"],"yoast_head":"<!-- This site is optimized with the Yoast SEO plugin v26.7 - https:\/\/yoast.com\/wordpress\/plugins\/seo\/ -->\n<title>Spaahoolitsuste PAKETID - ESTONIA Resort Hotel Spa<\/title>\n<meta name=\"robots\" content=\"index, follow, max-snippet:-1, max-image-preview:large, max-video-preview:-1\" \/>\n<link rel=\"canonical\" href=\"https:\/\/spaestonia.ee\/resort\/spaahoolitsused\/spaahoolitsuste-paketid\/\" \/>\n<meta property=\"og:locale\" content=\"et_EE\" \/>\n<meta property=\"og:type\" content=\"article\" \/>\n<meta property=\"og:title\" content=\"Spaahoolitsuste PAKETID - ESTONIA Resort Hotel Spa\" \/>\n<meta property=\"og:description\" content=\"Eestimaine p\u00e4evaspaa 1 Lavendli-piimavann meega\u00a0 Piimavann on efektiivseim v\u00f5imalus niisutada ja toita oma nahka. Eemaldades&hellip;\" \/>\n<meta property=\"og:url\" content=\"https:\/\/spaestonia.ee\/resort\/spaahoolitsused\/spaahoolitsuste-paketid\/\" \/>\n<meta property=\"og:site_name\" content=\"ESTONIA Resort Hotel Spa\" \/>\n<meta property=\"article:publisher\" content=\"https:\/\/www.facebook.com\/EstoniaResortHotel\" \/>\n<meta property=\"article:modified_time\" content=\"2025-06-06T08:48:19+00:00\" \/>\n<meta property=\"og:image\" content=\"https:\/\/www.spaestonia.ee\/resort\/wp-content\/uploads\/2016\/04\/emadepaevspaas450x300.jpg\" \/>\n<meta name=\"twitter:card\" content=\"summary_large_image\" \/>\n<meta name=\"twitter:label1\" content=\"Est. reading time\" \/>\n\t<meta name=\"twitter:data1\" content=\"3 minutit\" \/>\n<script type=\"application\/ld+json\" class=\"yoast-schema-graph\">{\"@context\":\"https:\/\/schema.org\",\"@graph\":[{\"@type\":\"WebPage\",\"@id\":\"https:\/\/spaestonia.ee\/resort\/spaahoolitsused\/spaahoolitsuste-paketid\/\",\"url\":\"https:\/\/spaestonia.ee\/resort\/spaahoolitsused\/spaahoolitsuste-paketid\/\",\"name\":\"Spaahoolitsuste PAKETID - ESTONIA Resort Hotel Spa\",\"isPartOf\":{\"@id\":\"https:\/\/www.spaestonia.ee\/resort\/#website\"},\"primaryImageOfPage\":{\"@id\":\"https:\/\/spaestonia.ee\/resort\/spaahoolitsused\/spaahoolitsuste-paketid\/#primaryimage\"},\"image\":{\"@id\":\"https:\/\/spaestonia.ee\/resort\/spaahoolitsused\/spaahoolitsuste-paketid\/#primaryimage\"},\"thumbnailUrl\":\"https:\/\/www.spaestonia.ee\/resort\/wp-content\/uploads\/2016\/04\/emadepaevspaas450x300.jpg\",\"datePublished\":\"2015-06-02T05:35:33+00:00\",\"dateModified\":\"2025-06-06T08:48:19+00:00\",\"breadcrumb\":{\"@id\":\"https:\/\/spaestonia.ee\/resort\/spaahoolitsused\/spaahoolitsuste-paketid\/#breadcrumb\"},\"inLanguage\":\"et\",\"potentialAction\":[{\"@type\":\"ReadAction\",\"target\":[\"https:\/\/spaestonia.ee\/resort\/spaahoolitsused\/spaahoolitsuste-paketid\/\"]}]},{\"@type\":\"ImageObject\",\"inLanguage\":\"et\",\"@id\":\"https:\/\/spaestonia.ee\/resort\/spaahoolitsused\/spaahoolitsuste-paketid\/#primaryimage\",\"url\":\"https:\/\/www.spaestonia.ee\/resort\/wp-content\/uploads\/2016\/04\/emadepaevspaas450x300.jpg\",\"contentUrl\":\"https:\/\/www.spaestonia.ee\/resort\/wp-content\/uploads\/2016\/04\/emadepaevspaas450x300.jpg\"},{\"@type\":\"BreadcrumbList\",\"@id\":\"https:\/\/spaestonia.ee\/resort\/spaahoolitsused\/spaahoolitsuste-paketid\/#breadcrumb\",\"itemListElement\":[{\"@type\":\"ListItem\",\"position\":1,\"name\":\"Home\",\"item\":\"https:\/\/www.spaestonia.ee\/resort\/\"},{\"@type\":\"ListItem\",\"position\":2,\"name\":\"Spaahoolitsused\",\"item\":\"https:\/\/spaestonia.ee\/resort\/spaahoolitsused\/\"},{\"@type\":\"ListItem\",\"position\":3,\"name\":\"Spaahoolitsuste PAKETID\"}]},{\"@type\":\"WebSite\",\"@id\":\"https:\/\/www.spaestonia.ee\/resort\/#website\",\"url\":\"https:\/\/www.spaestonia.ee\/resort\/\",\"name\":\"ESTONIA Resort Hotel Spa\",\"description\":\"Your destination in P\u00e4rnu for wellness and events\",\"publisher\":{\"@id\":\"https:\/\/www.spaestonia.ee\/resort\/#organization\"},\"potentialAction\":[{\"@type\":\"SearchAction\",\"target\":{\"@type\":\"EntryPoint\",\"urlTemplate\":\"https:\/\/www.spaestonia.ee\/resort\/?s={search_term_string}\"},\"query-input\":{\"@type\":\"PropertyValueSpecification\",\"valueRequired\":true,\"valueName\":\"search_term_string\"}}],\"inLanguage\":\"et\"},{\"@type\":\"Organization\",\"@id\":\"https:\/\/www.spaestonia.ee\/resort\/#organization\",\"name\":\"ESTONIA Resort Hotel Spa\",\"url\":\"https:\/\/www.spaestonia.ee\/resort\/\",\"logo\":{\"@type\":\"ImageObject\",\"inLanguage\":\"et\",\"@id\":\"https:\/\/www.spaestonia.ee\/resort\/#\/schema\/logo\/image\/\",\"url\":\"https:\/\/www.spaestonia.ee\/resort\/wp-content\/uploads\/2025\/02\/resort-hotel-estonia.png\",\"contentUrl\":\"https:\/\/www.spaestonia.ee\/resort\/wp-content\/uploads\/2025\/02\/resort-hotel-estonia.png\",\"width\":400,\"height\":173,\"caption\":\"ESTONIA Resort Hotel Spa\"},\"image\":{\"@id\":\"https:\/\/www.spaestonia.ee\/resort\/#\/schema\/logo\/image\/\"},\"sameAs\":[\"https:\/\/www.facebook.com\/EstoniaResortHotel\"]}]}<\/script>\n<!-- \/ Yoast SEO plugin. -->","yoast_head_json":{"title":"Spaahoolitsuste PAKETID - ESTONIA Resort Hotel Spa","robots":{"index":"index","follow":"follow","max-snippet":"max-snippet:-1","max-image-preview":"max-image-preview:large","max-video-preview":"max-video-preview:-1"},"canonical":"https:\/\/spaestonia.ee\/resort\/spaahoolitsused\/spaahoolitsuste-paketid\/","og_locale":"et_EE","og_type":"article","og_title":"Spaahoolitsuste PAKETID - ESTONIA Resort Hotel Spa","og_description":"Eestimaine p\u00e4evaspaa 1 Lavendli-piimavann meega\u00a0 Piimavann on efektiivseim v\u00f5imalus niisutada ja toita oma nahka. Eemaldades&hellip;","og_url":"https:\/\/spaestonia.ee\/resort\/spaahoolitsused\/spaahoolitsuste-paketid\/","og_site_name":"ESTONIA Resort Hotel Spa","article_publisher":"https:\/\/www.facebook.com\/EstoniaResortHotel","article_modified_time":"2025-06-06T08:48:19+00:00","og_image":[{"url":"https:\/\/www.spaestonia.ee\/resort\/wp-content\/uploads\/2016\/04\/emadepaevspaas450x300.jpg","type":"","width":"","height":""}],"twitter_card":"summary_large_image","twitter_misc":{"Est. reading time":"3 minutit"},"schema":{"@context":"https:\/\/schema.org","@graph":[{"@type":"WebPage","@id":"https:\/\/spaestonia.ee\/resort\/spaahoolitsused\/spaahoolitsuste-paketid\/","url":"https:\/\/spaestonia.ee\/resort\/spaahoolitsused\/spaahoolitsuste-paketid\/","name":"Spaahoolitsuste PAKETID - ESTONIA Resort Hotel Spa","isPartOf":{"@id":"https:\/\/www.spaestonia.ee\/resort\/#website"},"primaryImageOfPage":{"@id":"https:\/\/spaestonia.ee\/resort\/spaahoolitsused\/spaahoolitsuste-paketid\/#primaryimage"},"image":{"@id":"https:\/\/spaestonia.ee\/resort\/spaahoolitsused\/spaahoolitsuste-paketid\/#primaryimage"},"thumbnailUrl":"https:\/\/www.spaestonia.ee\/resort\/wp-content\/uploads\/2016\/04\/emadepaevspaas450x300.jpg","datePublished":"2015-06-02T05:35:33+00:00","dateModified":"2025-06-06T08:48:19+00:00","breadcrumb":{"@id":"https:\/\/spaestonia.ee\/resort\/spaahoolitsused\/spaahoolitsuste-paketid\/#breadcrumb"},"inLanguage":"et","potentialAction":[{"@type":"ReadAction","target":["https:\/\/spaestonia.ee\/resort\/spaahoolitsused\/spaahoolitsuste-paketid\/"]}]},{"@type":"ImageObject","inLanguage":"et","@id":"https:\/\/spaestonia.ee\/resort\/spaahoolitsused\/spaahoolitsuste-paketid\/#primaryimage","url":"https:\/\/www.spaestonia.ee\/resort\/wp-content\/uploads\/2016\/04\/emadepaevspaas450x300.jpg","contentUrl":"https:\/\/www.spaestonia.ee\/resort\/wp-content\/uploads\/2016\/04\/emadepaevspaas450x300.jpg"},{"@type":"BreadcrumbList","@id":"https:\/\/spaestonia.ee\/resort\/spaahoolitsused\/spaahoolitsuste-paketid\/#breadcrumb","itemListElement":[{"@type":"ListItem","position":1,"name":"Home","item":"https:\/\/www.spaestonia.ee\/resort\/"},{"@type":"ListItem","position":2,"name":"Spaahoolitsused","item":"https:\/\/spaestonia.ee\/resort\/spaahoolitsused\/"},{"@type":"ListItem","position":3,"name":"Spaahoolitsuste PAKETID"}]},{"@type":"WebSite","@id":"https:\/\/www.spaestonia.ee\/resort\/#website","url":"https:\/\/www.spaestonia.ee\/resort\/","name":"ESTONIA Resort Hotel Spa","description":"Your destination in P\u00e4rnu for wellness and events","publisher":{"@id":"https:\/\/www.spaestonia.ee\/resort\/#organization"},"potentialAction":[{"@type":"SearchAction","target":{"@type":"EntryPoint","urlTemplate":"https:\/\/www.spaestonia.ee\/resort\/?s={search_term_string}"},"query-input":{"@type":"PropertyValueSpecification","valueRequired":true,"valueName":"search_term_string"}}],"inLanguage":"et"},{"@type":"Organization","@id":"https:\/\/www.spaestonia.ee\/resort\/#organization","name":"ESTONIA Resort Hotel Spa","url":"https:\/\/www.spaestonia.ee\/resort\/","logo":{"@type":"ImageObject","inLanguage":"et","@id":"https:\/\/www.spaestonia.ee\/resort\/#\/schema\/logo\/image\/","url":"https:\/\/www.spaestonia.ee\/resort\/wp-content\/uploads\/2025\/02\/resort-hotel-estonia.png","contentUrl":"https:\/\/www.spaestonia.ee\/resort\/wp-content\/uploads\/2025\/02\/resort-hotel-estonia.png","width":400,"height":173,"caption":"ESTONIA Resort Hotel Spa"},"image":{"@id":"https:\/\/www.spaestonia.ee\/resort\/#\/schema\/logo\/image\/"},"sameAs":["https:\/\/www.facebook.com\/EstoniaResortHotel"]}]}},"_links":{"self":[{"href":"https:\/\/spaestonia.ee\/resort\/wp-json\/wp\/v2\/pages\/1963","targetHints":{"allow":["GET"]}}],"collection":[{"href":"https:\/\/spaestonia.ee\/resort\/wp-json\/wp\/v2\/pages"}],"about":[{"href":"https:\/\/spaestonia.ee\/resort\/wp-json\/wp\/v2\/types\/page"}],"author":[{"embeddable":true,"href":"https:\/\/spaestonia.ee\/resort\/wp-json\/wp\/v2\/users\/1"}],"replies":[{"embeddable":true,"href":"https:\/\/spaestonia.ee\/resort\/wp-json\/wp\/v2\/comments?post=1963"}],"version-history":[{"count":22,"href":"https:\/\/spaestonia.ee\/resort\/wp-json\/wp\/v2\/pages\/1963\/revisions"}],"predecessor-version":[{"id":44737,"href":"https:\/\/spaestonia.ee\/resort\/wp-json\/wp\/v2\/pages\/1963\/revisions\/44737"}],"up":[{"embeddable":true,"href":"https:\/\/spaestonia.ee\/resort\/wp-json\/wp\/v2\/pages\/1787"}],"wp:attachment":[{"href":"https:\/\/spaestonia.ee\/resort\/wp-json\/wp\/v2\/media?parent=1963"}],"curies":[{"name":"wp","href":"https:\/\/api.w.org\/{rel}","templated":true}]}}