{"id":5057,"date":"2015-11-13T09:15:09","date_gmt":"2015-11-13T07:15:09","guid":{"rendered":"https:\/\/www.spaestonia.ee\/resort\/?page_id=5057"},"modified":"2024-04-16T15:24:46","modified_gmt":"2024-04-16T12:24:46","slug":"uldised-broneerimistingimused","status":"publish","type":"page","link":"https:\/\/spaestonia.ee\/resort\/uldised-broneerimistingimused\/","title":{"rendered":"Broneerimistingimused"},"content":{"rendered":"<h3><span id=\"lblCondiciones\">\u00dcLDISED BRONEERIMISTINGIMUSED<\/span><\/h3>\n<ol>\n<li><span id=\"lblCondiciones\">Broneering<br \/>\n\u2013\u00a0<\/span><span id=\"lblCondiciones\">Broneeringu kinnitus koos k\u00fclaliste arvu ja teenuste- ning hinnainfoga saadetakse tellija e-posti aadressile. Kolm p\u00e4eva enne majutuse alguskuup\u00e4eva informeeritakse k\u00f5iki k\u00fclalisi, kes on andnud oma e-posti aadressi, saabumise detailidest.<br \/>\n\u2013\u00a0<\/span><span id=\"lblCondiciones\">Lisavoodil majutuvad vaid lapsed kuni 14a (k.a) ja lisavoodi saadavuse info kinnitame eraldi e-postiga 24h jooksul t\u00f6\u00f6p\u00e4evadel.<\/span><\/li>\n<li><span id=\"lblCondiciones\">Vanusepiirangud<br \/>\n\u2013 Lastena majutatakse kuni 14a (k.a) k\u00fclastajaid.<br \/>\n\u2013 Alla 18-aastased k\u00fclalised on oodatud ainult koos t\u00e4iskasvanud saatjaga.<\/span><\/li>\n<li><span id=\"lblCondiciones\">Saabumine ja lahkumine<br \/>\n\u2013 Check-in algab kell 15:00, check-out lahkumisp\u00e4eval kestab kuni 12:00.<br \/>\n\u2013 Varasem saabumine ja hilisem lahkumine on v\u00f5imalik vaid hotelliga kokkuleppel ja vastavalt kehtivale hinnakirjale.<br \/>\n<\/span><\/li>\n<li><span id=\"lblCondiciones\">Grupibroneeringud<br \/>\n\u2013\u00a0<\/span>Broneeringuid, mis sisaldavad 6 ja enam tuba, k\u00e4sitletakse grupibroneeringutena.<br \/>\n\u2013 Grupibroneeringute majutusnimekirja ootame hiljemalt 4 t\u00f6\u00f6p\u00e4eva enne saabumist (klientide ees- ja perekonnanimed, tubade kategooria, lisateenuste broneeringud jm).<\/li>\n<li>Toa arvele m\u00fc\u00fck<br \/>\nToa arvele m\u00fc\u00fcgi avamiseks ja lisatellimuste garanteerimiseks on vaja esitada sisseregistreerimisel krediitkaardi andmed.<\/li>\n<\/ol>\n<h3>MAKSMISTINGIMUSED<\/h3>\n<ol>\n<li>Sularahas v\u00f5i kaardiga<br \/>\nTasuda saab hotelli saabudes sularahas ja deebet- v\u00f5i krediitkaardiga.<br \/>\nAktsepteerime j\u00e4rgmisi krediitkaarte: Visa, MasterCard, American Express.<\/li>\n<li>Arvega tasumine<br \/>\nArvega tasumise palume eelnevalt koosk\u00f5lastada t\u00f6\u00f6p\u00e4evadel esmasp\u00e4evast reedeni, v.a riiklikud p\u00fchad. Makset\u00e4htaja \u00fcletamisel on hotellil \u00f5igus n\u00f5uda viivist 0,05% p\u00e4evas.<\/li>\n<\/ol>\n<h3><span id=\"ECondCancel\">MUUTMIS- JA T\u00dcHISTAMISTINGIMUSED MAJUTUSEGA BRONEERINGUTELE KUNI\u00a05 TUBA<\/span><\/h3>\n<ol>\n<li><span id=\"ECondCancel\">Hotell hoiab tuba saabumisp\u00e4eval kuni kell 18:00. Kui k\u00fclaline ei ole t\u00fchistanud oma broneeringut ega teavitanud hilisemast saabumisest, on hotellil \u00f5igus t\u00fchistada broneering ilma k\u00fclalisega kontakteerumata.<\/span><\/li>\n<li><span id=\"ECondCancel\">Broneeringuid saab garanteerida krediitkaardiga, ettemaksuga v\u00f5i koost\u00f6\u00f6lepinguga. Sellisel juhul hoitakse tuba kliendile saadaval kuni saabumiskuup\u00e4eva j\u00e4rgsel p\u00e4eval kell 7:00.<\/span><\/li>\n<li>T\u00fchistamine. <strong>Broneeringut saab tasuta t\u00fchistada hiljemalt 48 h enne k\u00fclastust<\/strong>. Hilisema t\u00fchistamise v\u00f5i mitteilmumise korral on\u00a0<span id=\"ECondCancel\">hotellil \u00f5igus esitada kompensatsiooniarve esimese \u00f6\u00f6 maksumuse ulatuses. <\/span>Eripakkumiste ja kampaaniate raames tehtud\u00a0 broneeringutele kehtivad vastavad broneerimistingimused.<\/li>\n<li><span id=\"ECondCancel\">Mitte-ilmumine. Krediitkaardiga garanteeritud broneering tuleb t\u00fchistada saabumisp\u00e4eval hiljemalt kell 18:00. Kui k\u00fclaline ei t\u00fchista oma broneeringut nimetatud ajaks ega saabu hiljemalt j\u00e4rgmisel p\u00e4eval kell 7:00, on hotellil \u00f5igus k\u00fclalise krediitkaardilt debiteerida esimese \u00f6\u00f6 maksumus.<\/span><\/li>\n<\/ol>\n<h3><span id=\"ECondCancel\">MUUTMIS- JA T\u00dcHISTAMISTINGIMUSED<\/span><span id=\"ECondCancel\"> MAJUTUSEGA BRONEERINGUTELE 6 JA ENAM TUBA<br \/>\n<\/span><\/h3>\n<ol>\n<li>Grupibroneeringute kinnitatud tellimuse mahu muutmine kuni 10% ulatuses on v\u00f5imalik kuni 4 t\u00f6\u00f6p\u00e4eva enne saabumist.<\/li>\n<li>Rohkem kui 10% kinnitatud tellimuse mahu muutmisel on hotellil \u00f5igus n\u00f5uda kompensatsiooni kasutamata teenuste hinnast:<\/li>\n<\/ol>\n<table width=\"0\">\n<tbody>\n<tr>\n<td rowspan=\"2\" width=\"189\">Tubade arv tellimuses<\/td>\n<td rowspan=\"2\" width=\"123\">T\u00fchistamine ilma kompensatsioonita<br \/>\n(p\u00e4evade arv enne k\u00fclastust)<\/td>\n<td colspan=\"3\" width=\"369\">Kompensatsioon hilisema t\u00fchistamise korral<\/td>\n<\/tr>\n<tr>\n<td width=\"123\">25% tellimuse kogumaksumusest<\/td>\n<td width=\"123\">50% tellimuse kogumaksumusest<\/td>\n<td width=\"123\">100% tellimuse kogumaksumusest<\/td>\n<\/tr>\n<tr>\n<td width=\"189\">Kuni 5 tuba<\/td>\n<td width=\"123\">2 p\u00e4eva<\/td>\n<td width=\"123\"><\/td>\n<td width=\"123\"><\/td>\n<td width=\"123\">0 &#8211; 1 p\u00e4eva<\/td>\n<\/tr>\n<tr>\n<td width=\"189\">6 \u2013 15 tuba<\/td>\n<td width=\"123\">14 p\u00e4eva<\/td>\n<td width=\"123\">8 &#8211; 13 p\u00e4eva<\/td>\n<td width=\"123\">4 &#8211; 7 p\u00e4eva<\/td>\n<td width=\"123\">0 &#8211; 3 p\u00e4eva<\/td>\n<\/tr>\n<tr>\n<td width=\"189\">16 \u2013 30 tuba<\/td>\n<td width=\"123\">28 p\u00e4eva<\/td>\n<td width=\"123\">15 &#8211; 27 p\u00e4eva<\/td>\n<td width=\"123\">8 &#8211; 14 p\u00e4eva<\/td>\n<td width=\"123\">0 &#8211; 7 p\u00e4eva<\/td>\n<\/tr>\n<tr>\n<td width=\"189\">31 \u2013 50 tuba<\/td>\n<td width=\"123\">42 p\u00e4eva<\/td>\n<td width=\"123\">41 &#8211; 22 p\u00e4eva<\/td>\n<td width=\"123\">11 &#8211; 21 p\u00e4eva<\/td>\n<td width=\"123\">0 &#8211; 10 p\u00e4eva<\/td>\n<\/tr>\n<tr>\n<td width=\"189\">51 \u2013 \u2026 tuba<\/td>\n<td width=\"123\">56 p\u00e4eva<\/td>\n<td width=\"123\">55 &#8211; 24 p\u00e4eva<\/td>\n<td width=\"123\">15 &#8211; 23 p\u00e4eva<\/td>\n<td width=\"123\">0 &#8211; 14 p\u00e4eva<\/td>\n<\/tr>\n<\/tbody>\n<\/table>\n<p>Hotellil on \u00f5igus rakendada tavap\u00e4rasest rangemaid broneerimis-ja t\u00fchistustingimusi k\u00f5rgendatud n\u00f5udlusega perioodidel, suuremahuliste majutusbroneeringute puhul al 70 tuba\u00a0v\u00f5i rohkem ja eripakkumiste korral, sellisel juhul kinnitame broneerimistingimused eraldi e-kirjaga.<\/p>\n<h3><span id=\"ECondCancel\">ILMA MAJUTUSETA BRONEERINGUD<br \/>\n<\/span><\/h3>\n<ol>\n<li>Grupitellimuste puhul alates 10 k\u00fclalisest palume hiljemalt 14 p\u00e4eva enne saabumist saata hotellile:<br \/>\n&#8211; toitlustuse men\u00fc\u00fcvalikud koos ajakavaga<br \/>\n&#8211; grupi kontaktisiku, kellel on volitus lisada broneeringule t\u00e4iendavaid tellimusi hotellis viibimise ajal, nimi ja mobiiltelefoni number.<\/li>\n<li>Hiljemalt 4 t\u00f6\u00f6p\u00e4eva enne saabumist palume saata erisoovid arveldamise, arve vormistuse, eridieetide jms kohta.<\/li>\n<li>Kinnitatud tellimuse mahu muutmine kuni 10% ulatuses on v\u00f5imalik kuni 4 t\u00f6\u00f6p\u00e4eva enne saabumist.<\/li>\n<li>Rohkem kui 10% kinnitatud tellimuse mahu muutmisel on hotellil \u00f5igus n\u00f5uda kompensatsiooni kasutamata teenuste hinnast:<\/li>\n<\/ol>\n<table style=\"height: 246px;\" width=\"747\">\n<tbody>\n<tr>\n<td rowspan=\"2\" width=\"189\">K\u00fclaliste arv tellimuses<\/td>\n<td rowspan=\"2\" width=\"123\">T\u00fchistamine ilma kompensatsioonita<br \/>\n(p\u00e4evade arv enne k\u00fclastust)<\/td>\n<td colspan=\"3\" width=\"369\">Kompensatsioon hilisema t\u00fchistamise korral<\/td>\n<\/tr>\n<tr>\n<td width=\"123\">25% tellimuse kogumaksumusest<\/td>\n<td width=\"123\">50% tellimuse kogumaksumusest<\/td>\n<td width=\"123\">100% tellimuse kogumaksumusest<\/td>\n<\/tr>\n<tr>\n<td width=\"189\">Kuni 9 k\u00fclastajat<\/td>\n<td width=\"123\">2 p\u00e4eva<\/td>\n<td width=\"123\"><\/td>\n<td width=\"123\"><\/td>\n<td width=\"123\">0 &#8211; 1 p\u00e4eva<\/td>\n<\/tr>\n<tr>\n<td width=\"189\">10 \u2013 39 k\u00fclastajat<\/td>\n<td width=\"123\">14 p\u00e4eva<\/td>\n<td width=\"123\">7 &#8211; 13 p\u00e4eva<\/td>\n<td width=\"123\">2 &#8211; 6 p\u00e4eva<\/td>\n<td width=\"123\">0 &#8211; 1 p\u00e4eva<\/td>\n<\/tr>\n<tr>\n<td width=\"189\">40 \u2013 99 k\u00fclastajat<\/td>\n<td width=\"123\">30 p\u00e4eva<\/td>\n<td width=\"123\">14 &#8211; 29 p\u00e4eva<\/td>\n<td width=\"123\">8 &#8211; 13 p\u00e4eva<\/td>\n<td width=\"123\">0 &#8211; 7 p\u00e4eva<\/td>\n<\/tr>\n<tr>\n<td width=\"189\">100 &#8211; &#8230; k\u00fclastajat<\/td>\n<td width=\"123\">60 p\u00e4eva<\/td>\n<td width=\"123\">30 &#8211; 59 p\u00e4eva<\/td>\n<td width=\"123\">15 &#8211; 29 p\u00e4eva<\/td>\n<td width=\"123\">0 &#8211; 14 p\u00e4eva<\/td>\n<\/tr>\n<\/tbody>\n<\/table>\n<p>Hotellil on \u00f5igus rakendada tavap\u00e4rasest rangemaid broneerimistingimusi k\u00f5rgendatud n\u00f5udlusega perioodidel\u00a0ja\u00a0eripakkumiste korral, sellisel juhul kinnitame broneerimistingimused eraldi e-kirjaga.<\/p>\n<h3><span id=\"EPolitica\">PRIVAATSUS<br \/>\n<\/span><\/h3>\n<p><span id=\"EPolitica\">Kogu kliendi poolt sisestatud informatsioon s\u00e4ilitatakse ja avalikustatakse ainult koosk\u00f5las andmekaitseseadustega. <\/span><\/p>\n","protected":false},"excerpt":{"rendered":"<p>\u00dcLDISED BRONEERIMISTINGIMUSED Broneering \u2013\u00a0Broneeringu kinnitus koos k\u00fclaliste arvu ja teenuste- ning hinnainfoga saadetakse tellija e-posti&hellip;<\/p>\n","protected":false},"author":1,"featured_media":0,"parent":0,"menu_order":0,"comment_status":"closed","ping_status":"open","template":"","meta":{"footnotes":""},"class_list":["post-5057","page","type-page","status-publish","hentry"],"yoast_head":"<!-- This site is optimized with the Yoast SEO plugin v26.7 - https:\/\/yoast.com\/wordpress\/plugins\/seo\/ -->\n<title>Broneerimistingimused - ESTONIA Resort Hotel Spa<\/title>\n<meta name=\"robots\" content=\"index, follow, max-snippet:-1, max-image-preview:large, max-video-preview:-1\" \/>\n<link rel=\"canonical\" href=\"https:\/\/spaestonia.ee\/resort\/uldised-broneerimistingimused\/\" \/>\n<meta property=\"og:locale\" content=\"et_EE\" \/>\n<meta property=\"og:type\" content=\"article\" \/>\n<meta property=\"og:title\" content=\"Broneerimistingimused - ESTONIA Resort Hotel Spa\" \/>\n<meta property=\"og:description\" content=\"\u00dcLDISED BRONEERIMISTINGIMUSED Broneering \u2013\u00a0Broneeringu kinnitus koos k\u00fclaliste arvu ja teenuste- ning hinnainfoga saadetakse tellija e-posti&hellip;\" \/>\n<meta property=\"og:url\" content=\"https:\/\/spaestonia.ee\/resort\/uldised-broneerimistingimused\/\" \/>\n<meta property=\"og:site_name\" content=\"ESTONIA Resort Hotel Spa\" \/>\n<meta property=\"article:publisher\" content=\"https:\/\/www.facebook.com\/EstoniaResortHotel\" \/>\n<meta property=\"article:modified_time\" content=\"2024-04-16T12:24:46+00:00\" \/>\n<meta name=\"twitter:card\" content=\"summary_large_image\" \/>\n<meta name=\"twitter:label1\" content=\"Est. reading time\" \/>\n\t<meta name=\"twitter:data1\" content=\"3 minutit\" \/>\n<script type=\"application\/ld+json\" class=\"yoast-schema-graph\">{\"@context\":\"https:\/\/schema.org\",\"@graph\":[{\"@type\":\"WebPage\",\"@id\":\"https:\/\/spaestonia.ee\/resort\/uldised-broneerimistingimused\/\",\"url\":\"https:\/\/spaestonia.ee\/resort\/uldised-broneerimistingimused\/\",\"name\":\"Broneerimistingimused - ESTONIA Resort Hotel Spa\",\"isPartOf\":{\"@id\":\"https:\/\/www.spaestonia.ee\/resort\/#website\"},\"datePublished\":\"2015-11-13T07:15:09+00:00\",\"dateModified\":\"2024-04-16T12:24:46+00:00\",\"breadcrumb\":{\"@id\":\"https:\/\/spaestonia.ee\/resort\/uldised-broneerimistingimused\/#breadcrumb\"},\"inLanguage\":\"et\",\"potentialAction\":[{\"@type\":\"ReadAction\",\"target\":[\"https:\/\/spaestonia.ee\/resort\/uldised-broneerimistingimused\/\"]}]},{\"@type\":\"BreadcrumbList\",\"@id\":\"https:\/\/spaestonia.ee\/resort\/uldised-broneerimistingimused\/#breadcrumb\",\"itemListElement\":[{\"@type\":\"ListItem\",\"position\":1,\"name\":\"Home\",\"item\":\"https:\/\/www.spaestonia.ee\/resort\/\"},{\"@type\":\"ListItem\",\"position\":2,\"name\":\"Broneerimistingimused\"}]},{\"@type\":\"WebSite\",\"@id\":\"https:\/\/www.spaestonia.ee\/resort\/#website\",\"url\":\"https:\/\/www.spaestonia.ee\/resort\/\",\"name\":\"ESTONIA Resort Hotel Spa\",\"description\":\"Your destination in P\u00e4rnu for wellness and events\",\"publisher\":{\"@id\":\"https:\/\/www.spaestonia.ee\/resort\/#organization\"},\"potentialAction\":[{\"@type\":\"SearchAction\",\"target\":{\"@type\":\"EntryPoint\",\"urlTemplate\":\"https:\/\/www.spaestonia.ee\/resort\/?s={search_term_string}\"},\"query-input\":{\"@type\":\"PropertyValueSpecification\",\"valueRequired\":true,\"valueName\":\"search_term_string\"}}],\"inLanguage\":\"et\"},{\"@type\":\"Organization\",\"@id\":\"https:\/\/www.spaestonia.ee\/resort\/#organization\",\"name\":\"ESTONIA Resort Hotel Spa\",\"url\":\"https:\/\/www.spaestonia.ee\/resort\/\",\"logo\":{\"@type\":\"ImageObject\",\"inLanguage\":\"et\",\"@id\":\"https:\/\/www.spaestonia.ee\/resort\/#\/schema\/logo\/image\/\",\"url\":\"https:\/\/www.spaestonia.ee\/resort\/wp-content\/uploads\/2025\/02\/resort-hotel-estonia.png\",\"contentUrl\":\"https:\/\/www.spaestonia.ee\/resort\/wp-content\/uploads\/2025\/02\/resort-hotel-estonia.png\",\"width\":400,\"height\":173,\"caption\":\"ESTONIA Resort Hotel Spa\"},\"image\":{\"@id\":\"https:\/\/www.spaestonia.ee\/resort\/#\/schema\/logo\/image\/\"},\"sameAs\":[\"https:\/\/www.facebook.com\/EstoniaResortHotel\"]}]}<\/script>\n<!-- \/ Yoast SEO plugin. -->","yoast_head_json":{"title":"Broneerimistingimused - ESTONIA Resort Hotel Spa","robots":{"index":"index","follow":"follow","max-snippet":"max-snippet:-1","max-image-preview":"max-image-preview:large","max-video-preview":"max-video-preview:-1"},"canonical":"https:\/\/spaestonia.ee\/resort\/uldised-broneerimistingimused\/","og_locale":"et_EE","og_type":"article","og_title":"Broneerimistingimused - ESTONIA Resort Hotel Spa","og_description":"\u00dcLDISED BRONEERIMISTINGIMUSED Broneering \u2013\u00a0Broneeringu kinnitus koos k\u00fclaliste arvu ja teenuste- ning hinnainfoga saadetakse tellija e-posti&hellip;","og_url":"https:\/\/spaestonia.ee\/resort\/uldised-broneerimistingimused\/","og_site_name":"ESTONIA Resort Hotel Spa","article_publisher":"https:\/\/www.facebook.com\/EstoniaResortHotel","article_modified_time":"2024-04-16T12:24:46+00:00","twitter_card":"summary_large_image","twitter_misc":{"Est. reading time":"3 minutit"},"schema":{"@context":"https:\/\/schema.org","@graph":[{"@type":"WebPage","@id":"https:\/\/spaestonia.ee\/resort\/uldised-broneerimistingimused\/","url":"https:\/\/spaestonia.ee\/resort\/uldised-broneerimistingimused\/","name":"Broneerimistingimused - ESTONIA Resort Hotel Spa","isPartOf":{"@id":"https:\/\/www.spaestonia.ee\/resort\/#website"},"datePublished":"2015-11-13T07:15:09+00:00","dateModified":"2024-04-16T12:24:46+00:00","breadcrumb":{"@id":"https:\/\/spaestonia.ee\/resort\/uldised-broneerimistingimused\/#breadcrumb"},"inLanguage":"et","potentialAction":[{"@type":"ReadAction","target":["https:\/\/spaestonia.ee\/resort\/uldised-broneerimistingimused\/"]}]},{"@type":"BreadcrumbList","@id":"https:\/\/spaestonia.ee\/resort\/uldised-broneerimistingimused\/#breadcrumb","itemListElement":[{"@type":"ListItem","position":1,"name":"Home","item":"https:\/\/www.spaestonia.ee\/resort\/"},{"@type":"ListItem","position":2,"name":"Broneerimistingimused"}]},{"@type":"WebSite","@id":"https:\/\/www.spaestonia.ee\/resort\/#website","url":"https:\/\/www.spaestonia.ee\/resort\/","name":"ESTONIA Resort Hotel Spa","description":"Your destination in P\u00e4rnu for wellness and events","publisher":{"@id":"https:\/\/www.spaestonia.ee\/resort\/#organization"},"potentialAction":[{"@type":"SearchAction","target":{"@type":"EntryPoint","urlTemplate":"https:\/\/www.spaestonia.ee\/resort\/?s={search_term_string}"},"query-input":{"@type":"PropertyValueSpecification","valueRequired":true,"valueName":"search_term_string"}}],"inLanguage":"et"},{"@type":"Organization","@id":"https:\/\/www.spaestonia.ee\/resort\/#organization","name":"ESTONIA Resort Hotel Spa","url":"https:\/\/www.spaestonia.ee\/resort\/","logo":{"@type":"ImageObject","inLanguage":"et","@id":"https:\/\/www.spaestonia.ee\/resort\/#\/schema\/logo\/image\/","url":"https:\/\/www.spaestonia.ee\/resort\/wp-content\/uploads\/2025\/02\/resort-hotel-estonia.png","contentUrl":"https:\/\/www.spaestonia.ee\/resort\/wp-content\/uploads\/2025\/02\/resort-hotel-estonia.png","width":400,"height":173,"caption":"ESTONIA Resort Hotel Spa"},"image":{"@id":"https:\/\/www.spaestonia.ee\/resort\/#\/schema\/logo\/image\/"},"sameAs":["https:\/\/www.facebook.com\/EstoniaResortHotel"]}]}},"_links":{"self":[{"href":"https:\/\/spaestonia.ee\/resort\/wp-json\/wp\/v2\/pages\/5057","targetHints":{"allow":["GET"]}}],"collection":[{"href":"https:\/\/spaestonia.ee\/resort\/wp-json\/wp\/v2\/pages"}],"about":[{"href":"https:\/\/spaestonia.ee\/resort\/wp-json\/wp\/v2\/types\/page"}],"author":[{"embeddable":true,"href":"https:\/\/spaestonia.ee\/resort\/wp-json\/wp\/v2\/users\/1"}],"replies":[{"embeddable":true,"href":"https:\/\/spaestonia.ee\/resort\/wp-json\/wp\/v2\/comments?post=5057"}],"version-history":[{"count":51,"href":"https:\/\/spaestonia.ee\/resort\/wp-json\/wp\/v2\/pages\/5057\/revisions"}],"predecessor-version":[{"id":40899,"href":"https:\/\/spaestonia.ee\/resort\/wp-json\/wp\/v2\/pages\/5057\/revisions\/40899"}],"wp:attachment":[{"href":"https:\/\/spaestonia.ee\/resort\/wp-json\/wp\/v2\/media?parent=5057"}],"curies":[{"name":"wp","href":"https:\/\/api.w.org\/{rel}","templated":true}]}}